Last updated on 2017-02-24 23:52:36.
Flavor | Version | Tinstall | Tcheck | Ttotal | Status | Flags |
---|---|---|---|---|---|---|
r-devel-linux-x86_64-debian-clang | 1.1 | 313.67 | 24.61 | 338.28 | NOTE | --no-vignettes |
r-devel-linux-x86_64-debian-gcc | 1.1 | 332.62 | 24.32 | 356.94 | NOTE | --no-vignettes |
r-devel-linux-x86_64-fedora-clang | 1.1 | 762.50 | NOTE | --no-vignettes --no-stop-on-test-error | ||
r-devel-linux-x86_64-fedora-gcc | 1.1 | 679.75 | NOTE | --no-vignettes --no-stop-on-test-error | ||
r-devel-macos-x86_64-clang | 1.1 | 435.16 | NOTE | --no-vignettes --no-stop-on-test-error | ||
r-devel-windows-ix86+x86_64 | 1.1 | 1844.00 | 73.00 | 1917.00 | OK | --no-vignettes |
r-patched-linux-x86_64 | 1.1 | 254.22 | 22.98 | 277.20 | OK | --no-vignettes |
r-patched-solaris-sparc | 1.1 | 3129.70 | OK | --no-vignettes | ||
r-patched-solaris-x86 | 1.1 | 599.70 | OK | --no-vignettes | ||
r-release-linux-x86_64 | 1.1 | 253.98 | 22.30 | 276.27 | OK | --no-vignettes |
r-release-osx-x86_64-mavericks | 1.1 | FAIL | ||||
r-release-windows-ix86+x86_64 | 1.1 | 1406.00 | 104.00 | 1510.00 | OK | --no-vignettes |
r-oldrel-windows-ix86+x86_64 | 1.1 | 1418.00 | 94.00 | 1512.00 | OK | --no-vignettes |
Version: 1.1
Flags: --no-vignettes
Check: compiled code
Result: NOTE
File ‘mcemGLM/libs/mcemGLM.so’:
Found no calls to: ‘R_registerRoutines’, ‘R_useDynamicSymbols’
It is good practice to register native routines and to disable symbol
search.
See ‘Writing portable packages’ in the ‘Writing R Extensions’ manual.
Flavors: r-devel-linux-x86_64-debian-clang, r-devel-linux-x86_64-debian-gcc
Version: 1.1
Flags: --no-vignettes --no-stop-on-test-error
Check: installed package size
Result: NOTE
installed size is 11.4Mb
sub-directories of 1Mb or more:
doc 2.1Mb
libs 9.1Mb
Flavors: r-devel-linux-x86_64-fedora-clang, r-devel-linux-x86_64-fedora-gcc
Version: 1.1
Flags: --no-vignettes --no-stop-on-test-error
Check: compiled code
Result: NOTE
File ‘mcemGLM/libs/mcemGLM.so’:
Found no calls to: ‘R_registerRoutines’, ‘R_useDynamicSymbols’
It is good practice to register native routines and to disable symbol
search.
See ‘Writing portable packages’ in the ‘Writing R Extensions’ manual.
Flavors: r-devel-linux-x86_64-fedora-clang, r-devel-linux-x86_64-fedora-gcc, r-devel-macos-x86_64-clang
Version: 1.1
Check: installed package size
Result: NOTE
installed size is 13.8Mb
sub-directories of 1Mb or more:
doc 2.1Mb
libs 11.5Mb
Flavor: r-release-osx-x86_64-mavericks
Version: 1.1
Check: running R code from vignettes
Result: FAIL
Flavor: r-release-osx-x86_64-mavericks