CRAN Package Check Results for Package mcheatmaps

Last updated on 2017-02-24 23:52:36.

Flavor Version Tinstall Tcheck Ttotal Status Flags
r-devel-linux-x86_64-debian-clang 1.0.0 0.58 15.47 16.04 NOTE
r-devel-linux-x86_64-debian-gcc 1.0.0 0.63 16.25 16.88 NOTE
r-devel-linux-x86_64-fedora-clang 1.0.0 29.75 NOTE --no-stop-on-test-error
r-devel-linux-x86_64-fedora-gcc 1.0.0 26.39 NOTE --no-stop-on-test-error
r-devel-macos-x86_64-clang 1.0.0 23.68 NOTE --no-stop-on-test-error
r-devel-windows-ix86+x86_64 1.0.0 7.00 50.00 57.00 NOTE
r-patched-linux-x86_64 1.0.0 0.56 14.05 14.61 NOTE
r-patched-solaris-sparc 1.0.0 143.80 NOTE
r-patched-solaris-x86 1.0.0 33.50 NOTE
r-release-linux-x86_64 1.0.0 0.57 13.37 13.95 NOTE
r-release-osx-x86_64-mavericks 1.0.0 NOTE
r-release-windows-ix86+x86_64 1.0.0 3.00 64.00 67.00 NOTE
r-oldrel-windows-ix86+x86_64 1.0.0 7.00 65.00 72.00 OK

Check Details

Version: 1.0.0
Check: R code for possible problems
Result: NOTE
    mcheatmaps : coscolorFun: no visible global function definition for
     ‘rgb’
    mcheatmaps : halfcmat: no visible global function definition for
     ‘order.dendrogram’
    mcheatmaps : fullcmat: no visible global function definition for
     ‘order.dendrogram’
    mcheatmaps : calculateDendrogram: no visible global function definition
     for ‘hclust’
    mcheatmaps : calculateDendrogram: no visible global function definition
     for ‘as.dist’
    mcheatmaps : calculateDendrogram: no visible global function definition
     for ‘sd’
    mcheatmaps : calculateDendrogram: no visible global function definition
     for ‘cophenetic’
    mcheatmaps : printDiag: no visible global function definition for
     ‘order.dendrogram’
    mcheatmaps: no visible global function definition for ‘strwidth’
    mcheatmaps: no visible global function definition for ‘pdf’
    mcheatmaps: no visible global function definition for ‘plot.new’
    mcheatmaps: no visible global function definition for ‘as.dendrogram’
    mcheatmaps: no visible global function definition for ‘reorder’
    mcheatmaps: no visible global function definition for ‘par’
    mcheatmaps: no visible global function definition for ‘plot’
    mcheatmaps: no visible global function definition for
     ‘order.dendrogram’
    mcheatmaps: no visible global function definition for ‘heat.colors’
    mcheatmaps: no visible global function definition for ‘terrain.colors’
    mcheatmaps: no visible global function definition for ‘as.dist’
    mcheatmaps: no visible global function definition for ‘dev.off’
    Undefined global functions or variables:
     as.dendrogram as.dist cophenetic dev.off hclust heat.colors
     order.dendrogram par pdf plot plot.new reorder rgb sd strwidth
     terrain.colors
    Consider adding
     importFrom("grDevices", "dev.off", "heat.colors", "pdf", "rgb",
     "terrain.colors")
     importFrom("graphics", "par", "plot", "plot.new", "strwidth")
     importFrom("stats", "as.dendrogram", "as.dist", "cophenetic", "hclust",
     "order.dendrogram", "reorder", "sd")
    to your NAMESPACE file.
Flavors: r-devel-linux-x86_64-debian-clang, r-devel-linux-x86_64-debian-gcc, r-devel-windows-ix86+x86_64, r-patched-linux-x86_64, r-patched-solaris-sparc, r-patched-solaris-x86, r-release-linux-x86_64, r-release-osx-x86_64-mavericks, r-release-windows-ix86+x86_64

Version: 1.0.0
Flags: --no-stop-on-test-error
Check: R code for possible problems
Result: NOTE
    mcheatmaps : coscolorFun: no visible global function definition for
     ‘rgb’
    mcheatmaps : halfcmat: no visible global function definition for
     ‘order.dendrogram’
    mcheatmaps : fullcmat: no visible global function definition for
     ‘order.dendrogram’
    mcheatmaps : calculateDendrogram: no visible global function definition
     for ‘hclust’
    mcheatmaps : calculateDendrogram: no visible global function definition
     for ‘as.dist’
    mcheatmaps : calculateDendrogram: no visible global function definition
     for ‘sd’
    mcheatmaps : calculateDendrogram: no visible global function definition
     for ‘cophenetic’
    mcheatmaps : printDiag: no visible global function definition for
     ‘order.dendrogram’
    mcheatmaps: no visible global function definition for ‘strwidth’
    mcheatmaps: no visible global function definition for ‘pdf’
    mcheatmaps: no visible global function definition for ‘plot.new’
    mcheatmaps: no visible global function definition for ‘as.dendrogram’
    mcheatmaps: no visible global function definition for ‘reorder’
    mcheatmaps: no visible global function definition for ‘par’
    mcheatmaps: no visible global function definition for ‘plot’
    mcheatmaps: no visible global function definition for
     ‘order.dendrogram’
    mcheatmaps: no visible global function definition for ‘heat.colors’
    mcheatmaps: no visible global function definition for ‘terrain.colors’
    mcheatmaps: no visible global function definition for ‘as.dist’
    mcheatmaps: no visible global function definition for ‘dev.off’
    Undefined global functions or variables:
     as.dendrogram as.dist cophenetic dev.off hclust heat.colors
     order.dendrogram par pdf plot plot.new reorder rgb sd strwidth
     terrain.colors
    Consider adding
     importFrom("grDevices", "dev.off", "heat.colors", "pdf", "rgb",
     "terrain.colors")
     importFrom("graphics", "par", "plot", "plot.new", "strwidth")
     importFrom("stats", "as.dendrogram", "as.dist", "cophenetic", "hclust",
     "order.dendrogram", "reorder", "sd")
    to your NAMESPACE file.
Flavors: r-devel-linux-x86_64-fedora-clang, r-devel-linux-x86_64-fedora-gcc, r-devel-macos-x86_64-clang