CRAN Package Check Results for Package mdpeer

Last updated on 2017-02-24 23:52:36.

Flavor Version Tinstall Tcheck Ttotal Status Flags
r-devel-linux-x86_64-debian-clang 0.1.0 3.01 70.39 73.40 OK
r-devel-linux-x86_64-debian-gcc 0.1.0 3.00 68.35 71.35 OK
r-devel-linux-x86_64-fedora-clang 0.1.0 159.00 NOTE --no-stop-on-test-error
r-devel-linux-x86_64-fedora-gcc 0.1.0 146.36 NOTE --no-stop-on-test-error
r-devel-macos-x86_64-clang 0.1.0 114.50 NOTE --no-stop-on-test-error
r-devel-windows-ix86+x86_64 0.1.0 23.00 149.00 172.00 OK
r-patched-linux-x86_64 0.1.0 2.96 63.46 66.42 OK
r-patched-solaris-sparc 0.1.0 925.50 NOTE
r-patched-solaris-x86 0.1.0 158.70 NOTE
r-release-linux-x86_64 0.1.0 2.83 64.58 67.41 OK
r-release-osx-x86_64-mavericks 0.1.0 NOTE
r-release-windows-ix86+x86_64 0.1.0 10.00 98.00 108.00 OK

Check Details

Version: 0.1.0
Flags: --no-stop-on-test-error
Check: dependencies in R code
Result: NOTE
    Namespaces in Imports field not imported from:
     ‘MASS’ ‘glmgraph’
     All declared Imports should be used.
Flavors: r-devel-linux-x86_64-fedora-clang, r-devel-linux-x86_64-fedora-gcc, r-devel-macos-x86_64-clang

Version: 0.1.0
Check: dependencies in R code
Result: NOTE
    Namespaces in Imports field not imported from:
     ‘MASS’ ‘glmgraph’
     All declared Imports should be used.
Flavors: r-patched-solaris-sparc, r-patched-solaris-x86, r-release-osx-x86_64-mavericks