Last updated on 2017-02-24 23:52:36.
Flavor | Version | Tinstall | Tcheck | Ttotal | Status | Flags |
---|---|---|---|---|---|---|
r-devel-linux-x86_64-debian-clang | 1.4-7 | 4.02 | 46.35 | 50.37 | NOTE | |
r-devel-linux-x86_64-debian-gcc | 1.4-7 | 4.01 | 45.91 | 49.92 | NOTE | |
r-devel-linux-x86_64-fedora-clang | 1.4-7 | 118.59 | NOTE | --no-stop-on-test-error | ||
r-devel-linux-x86_64-fedora-gcc | 1.4-7 | 106.25 | NOTE | --no-stop-on-test-error | ||
r-devel-macos-x86_64-clang | 1.4-7 | 81.61 | NOTE | --no-stop-on-test-error | ||
r-devel-windows-ix86+x86_64 | 1.4-7 | 19.00 | 144.00 | 163.00 | OK | |
r-patched-linux-x86_64 | 1.4-7 | 4.04 | 45.31 | 49.35 | OK | |
r-patched-solaris-sparc | 1.4-7 | 546.30 | OK | |||
r-patched-solaris-x86 | 1.4-7 | 114.60 | OK | |||
r-release-linux-x86_64 | 1.4-7 | 3.88 | 43.87 | 47.75 | OK | |
r-release-osx-x86_64-mavericks | 1.4-7 | OK | ||||
r-release-windows-ix86+x86_64 | 1.4-7 | 17.00 | 142.00 | 159.00 | OK | |
r-oldrel-windows-ix86+x86_64 | 1.4-7 | 19.00 | 137.00 | 156.00 | OK |
Version: 1.4-7
Check: compiled code
Result: NOTE
File ‘meboot/libs/meboot.so’:
Found no calls to: ‘R_registerRoutines’, ‘R_useDynamicSymbols’
It is good practice to register native routines and to disable symbol
search.
See ‘Writing portable packages’ in the ‘Writing R Extensions’ manual.
Flavors: r-devel-linux-x86_64-debian-clang, r-devel-linux-x86_64-debian-gcc
Version: 1.4-7
Flags: --no-stop-on-test-error
Check: compiled code
Result: NOTE
File ‘meboot/libs/meboot.so’:
Found no calls to: ‘R_registerRoutines’, ‘R_useDynamicSymbols’
It is good practice to register native routines and to disable symbol
search.
See ‘Writing portable packages’ in the ‘Writing R Extensions’ manual.
Flavors: r-devel-linux-x86_64-fedora-clang, r-devel-linux-x86_64-fedora-gcc, r-devel-macos-x86_64-clang