Last updated on 2017-02-24 23:52:37.
Flavor | Version | Tinstall | Tcheck | Ttotal | Status | Flags |
---|---|---|---|---|---|---|
r-devel-linux-x86_64-debian-clang | 0.1.1 | 1.44 | 22.15 | 23.59 | NOTE | |
r-devel-linux-x86_64-debian-gcc | 0.1.1 | 1.40 | 22.63 | 24.03 | NOTE | |
r-devel-linux-x86_64-fedora-clang | 0.1.1 | 49.18 | NOTE | --no-stop-on-test-error | ||
r-devel-linux-x86_64-fedora-gcc | 0.1.1 | 40.22 | NOTE | --no-stop-on-test-error | ||
r-devel-macos-x86_64-clang | 0.1.1 | 34.75 | NOTE | --no-stop-on-test-error | ||
r-devel-windows-ix86+x86_64 | 0.1.1 | 13.00 | 63.00 | 76.00 | NOTE | |
r-patched-linux-x86_64 | 0.1.1 | 1.06 | 19.10 | 20.17 | NOTE | |
r-patched-solaris-sparc | 0.1.1 | 246.00 | NOTE | |||
r-patched-solaris-x86 | 0.1.1 | 52.20 | NOTE | |||
r-release-linux-x86_64 | 0.1.1 | 1.06 | 19.39 | 20.45 | NOTE | |
r-release-osx-x86_64-mavericks | 0.1.1 | NOTE | ||||
r-release-windows-ix86+x86_64 | 0.1.1 | 8.00 | 62.00 | 70.00 | NOTE | |
r-oldrel-windows-ix86+x86_64 | 0.1.1 | 5.00 | 2.00 | 7.00 | ERROR |
Version: 0.1.1
Check: dependencies in R code
Result: NOTE
Packages in Depends field not imported from:
‘bbmle’ ‘ellipse’ ‘mvtnorm’
These packages need to be imported from (in the NAMESPACE file)
for when this namespace is loaded but not attached.
Flavors: r-devel-linux-x86_64-debian-clang, r-devel-linux-x86_64-debian-gcc, r-devel-windows-ix86+x86_64, r-patched-linux-x86_64, r-patched-solaris-sparc, r-patched-solaris-x86, r-release-linux-x86_64, r-release-osx-x86_64-mavericks, r-release-windows-ix86+x86_64
Version: 0.1.1
Check: R code for possible problems
Result: NOTE
plot.riley: no visible global function definition for ‘vcov’
plot.riley: no visible global function definition for ‘ellipse’
plot.riley: no visible global function definition for ‘plot’
plot.riley: no visible global function definition for ‘polygon’
plot.riley: no visible global function definition for ‘points’
plot.riley: no visible global function definition for ‘text’
plot.uvmeta: no visible global function definition for ‘qnorm’
plot.uvmeta: no visible global function definition for ‘par’
plot.uvmeta: no visible global function definition for ‘plot’
plot.uvmeta: no visible global function definition for ‘axis’
plot.uvmeta: no visible global function definition for ‘abline’
plot.uvmeta: no visible global function definition for ‘points’
plot.uvmeta: no visible global function definition for ‘lines’
plot.uvmeta: no visible global function definition for ‘box’
predict.riley: no visible global function definition for ‘coefficients’
predict.riley: no visible global function definition for ‘qt’
predict.riley: no visible global function definition for ‘vcov’
rileyES: no visible global function definition for ‘optim’
summary.riley: no visible global function definition for ‘confint’
summary.uvmeta: no visible global function definition for ‘pchisq’
uvmeta.default : calcProfile: no visible global function definition for
‘coef’
uvmeta.default : calcProfile: no visible global function definition for
‘confint’
uvmeta.default: no visible global function definition for ‘qnorm’
uvmeta.default: no visible global function definition for ‘qt’
uvmeta.default : mle.loglik.random: no visible global function
definition for ‘dnorm’
uvmeta.default : mle.loglik.fixed: no visible global function
definition for ‘dnorm’
uvmeta.default: no visible global function definition for ‘mle2’
uvmeta.default: no visible global function definition for ‘coef’
uvmeta.default: no visible global function definition for ‘vcov’
uvmeta.default: no visible global function definition for ‘update’
Undefined global functions or variables:
abline axis box coef coefficients confint dnorm ellipse lines mle2
optim par pchisq plot points polygon qnorm qt text update vcov
Consider adding
importFrom("graphics", "abline", "axis", "box", "lines", "par", "plot",
"points", "polygon", "text")
importFrom("stats", "coef", "coefficients", "confint", "dnorm",
"optim", "pchisq", "qnorm", "qt", "update", "vcov")
to your NAMESPACE file.
Flavors: r-devel-linux-x86_64-debian-clang, r-devel-linux-x86_64-debian-gcc, r-devel-windows-ix86+x86_64, r-patched-linux-x86_64, r-patched-solaris-sparc, r-patched-solaris-x86, r-release-linux-x86_64, r-release-osx-x86_64-mavericks, r-release-windows-ix86+x86_64
Version: 0.1.1
Flags: --no-stop-on-test-error
Check: dependencies in R code
Result: NOTE
Packages in Depends field not imported from:
‘bbmle’ ‘ellipse’ ‘mvtnorm’
These packages need to be imported from (in the NAMESPACE file)
for when this namespace is loaded but not attached.
Flavors: r-devel-linux-x86_64-fedora-clang, r-devel-linux-x86_64-fedora-gcc, r-devel-macos-x86_64-clang
Version: 0.1.1
Flags: --no-stop-on-test-error
Check: R code for possible problems
Result: NOTE
plot.riley: no visible global function definition for ‘vcov’
plot.riley: no visible global function definition for ‘ellipse’
plot.riley: no visible global function definition for ‘plot’
plot.riley: no visible global function definition for ‘polygon’
plot.riley: no visible global function definition for ‘points’
plot.riley: no visible global function definition for ‘text’
plot.uvmeta: no visible global function definition for ‘qnorm’
plot.uvmeta: no visible global function definition for ‘par’
plot.uvmeta: no visible global function definition for ‘plot’
plot.uvmeta: no visible global function definition for ‘axis’
plot.uvmeta: no visible global function definition for ‘abline’
plot.uvmeta: no visible global function definition for ‘points’
plot.uvmeta: no visible global function definition for ‘lines’
plot.uvmeta: no visible global function definition for ‘box’
predict.riley: no visible global function definition for ‘coefficients’
predict.riley: no visible global function definition for ‘qt’
predict.riley: no visible global function definition for ‘vcov’
rileyES: no visible global function definition for ‘optim’
summary.riley: no visible global function definition for ‘confint’
summary.uvmeta: no visible global function definition for ‘pchisq’
uvmeta.default : calcProfile: no visible global function definition for
‘coef’
uvmeta.default : calcProfile: no visible global function definition for
‘confint’
uvmeta.default: no visible global function definition for ‘qnorm’
uvmeta.default: no visible global function definition for ‘qt’
uvmeta.default : mle.loglik.random: no visible global function
definition for ‘dnorm’
uvmeta.default : mle.loglik.fixed: no visible global function
definition for ‘dnorm’
uvmeta.default: no visible global function definition for ‘mle2’
uvmeta.default: no visible global function definition for ‘coef’
uvmeta.default: no visible global function definition for ‘vcov’
uvmeta.default: no visible global function definition for ‘update’
Undefined global functions or variables:
abline axis box coef coefficients confint dnorm ellipse lines mle2
optim par pchisq plot points polygon qnorm qt text update vcov
Consider adding
importFrom("graphics", "abline", "axis", "box", "lines", "par", "plot",
"points", "polygon", "text")
importFrom("stats", "coef", "coefficients", "confint", "dnorm",
"optim", "pchisq", "qnorm", "qt", "update", "vcov")
to your NAMESPACE file.
Flavors: r-devel-linux-x86_64-fedora-clang, r-devel-linux-x86_64-fedora-gcc, r-devel-macos-x86_64-clang
Version: 0.1.1
Check: whether package can be installed
Result: ERROR
Installation failed.
Flavor: r-oldrel-windows-ix86+x86_64