Last updated on 2017-02-24 23:52:37.
Flavor | Version | Tinstall | Tcheck | Ttotal | Status | Flags |
---|---|---|---|---|---|---|
r-devel-linux-x86_64-debian-clang | 1.10 | 34.88 | 74.86 | 109.74 | NOTE | |
r-devel-linux-x86_64-debian-gcc | 1.10 | 37.38 | 74.08 | 111.46 | NOTE | |
r-devel-linux-x86_64-fedora-clang | 1.10 | 243.57 | NOTE | --no-stop-on-test-error | ||
r-devel-linux-x86_64-fedora-gcc | 1.10 | 219.00 | NOTE | --no-stop-on-test-error | ||
r-devel-macos-x86_64-clang | 1.10 | 159.75 | NOTE | --no-stop-on-test-error | ||
r-devel-windows-ix86+x86_64 | 1.10 | 174.00 | 209.00 | 383.00 | OK | |
r-patched-linux-x86_64 | 1.10 | 31.98 | 67.03 | 99.01 | OK | |
r-patched-solaris-sparc | 1.10 | 1058.20 | OK | |||
r-patched-solaris-x86 | 1.10 | 219.70 | OK | |||
r-release-linux-x86_64 | 1.10 | 31.59 | 67.15 | 98.75 | OK | |
r-release-osx-x86_64-mavericks | 1.10 | OK | ||||
r-release-windows-ix86+x86_64 | 1.10 | 129.00 | 184.00 | 313.00 | OK | |
r-oldrel-windows-ix86+x86_64 | 1.10 | 120.00 | 270.00 | 390.00 | OK |
Version: 1.10
Check: compiled code
Result: NOTE
File ‘mev/libs/mev.so’:
Found no calls to: ‘R_registerRoutines’, ‘R_useDynamicSymbols’
It is good practice to register native routines and to disable symbol
search.
See ‘Writing portable packages’ in the ‘Writing R Extensions’ manual.
Flavors: r-devel-linux-x86_64-debian-clang, r-devel-linux-x86_64-debian-gcc
Version: 1.10
Flags: --no-stop-on-test-error
Check: compiled code
Result: NOTE
File ‘mev/libs/mev.so’:
Found no calls to: ‘R_registerRoutines’, ‘R_useDynamicSymbols’
It is good practice to register native routines and to disable symbol
search.
See ‘Writing portable packages’ in the ‘Writing R Extensions’ manual.
Flavors: r-devel-linux-x86_64-fedora-clang, r-devel-linux-x86_64-fedora-gcc, r-devel-macos-x86_64-clang
Version: 1.10
Flags: --no-stop-on-test-error
Check: installed package size
Result: NOTE
installed size is 5.5Mb
sub-directories of 1Mb or more:
libs 5.0Mb
Flavor: r-devel-linux-x86_64-fedora-gcc