Last updated on 2017-02-24 23:52:37.
Flavor | Version | Tinstall | Tcheck | Ttotal | Status | Flags |
---|---|---|---|---|---|---|
r-devel-linux-x86_64-debian-clang | 0.1.1 | 29.30 | 13.88 | 43.18 | NOTE | |
r-devel-linux-x86_64-debian-gcc | 0.1.1 | 33.18 | 13.93 | 47.11 | NOTE | |
r-devel-linux-x86_64-fedora-clang | 0.1.1 | 94.37 | NOTE | --no-stop-on-test-error | ||
r-devel-linux-x86_64-fedora-gcc | 0.1.1 | 82.97 | NOTE | --no-stop-on-test-error | ||
r-devel-macos-x86_64-clang | 0.1.1 | 58.41 | NOTE | --no-stop-on-test-error | ||
r-devel-windows-ix86+x86_64 | 0.1.1 | 175.00 | 55.00 | 230.00 | OK | |
r-patched-linux-x86_64 | 0.1.1 | 25.42 | 11.94 | 37.36 | OK | |
r-patched-solaris-sparc | 0.1.1 | 414.70 | NOTE | |||
r-patched-solaris-x86 | 0.1.1 | 83.60 | NOTE | |||
r-release-linux-x86_64 | 0.1.1 | 25.76 | 12.28 | 38.04 | OK | |
r-release-osx-x86_64-mavericks | 0.1.1 | NOTE | ||||
r-release-windows-ix86+x86_64 | 0.1.1 | 124.00 | 50.00 | 174.00 | OK | |
r-oldrel-windows-ix86+x86_64 | 0.1.1 | 158.00 | 77.00 | 235.00 | NOTE |
Version: 0.1.1
Check: compiled code
Result: NOTE
File ‘minimaxdesign/libs/minimaxdesign.so’:
Found no calls to: ‘R_registerRoutines’, ‘R_useDynamicSymbols’
It is good practice to register native routines and to disable symbol
search.
See ‘Writing portable packages’ in the ‘Writing R Extensions’ manual.
Flavors: r-devel-linux-x86_64-debian-clang, r-devel-linux-x86_64-debian-gcc
Version: 0.1.1
Flags: --no-stop-on-test-error
Check: dependencies in R code
Result: NOTE
Namespaces in Imports field not imported from:
‘DiceDesign’ ‘MaxPro’ ‘doSNOW’
All declared Imports should be used.
Flavors: r-devel-linux-x86_64-fedora-clang, r-devel-linux-x86_64-fedora-gcc, r-devel-macos-x86_64-clang
Version: 0.1.1
Flags: --no-stop-on-test-error
Check: compiled code
Result: NOTE
File ‘minimaxdesign/libs/minimaxdesign.so’:
Found no calls to: ‘R_registerRoutines’, ‘R_useDynamicSymbols’
It is good practice to register native routines and to disable symbol
search.
See ‘Writing portable packages’ in the ‘Writing R Extensions’ manual.
Flavors: r-devel-linux-x86_64-fedora-clang, r-devel-linux-x86_64-fedora-gcc, r-devel-macos-x86_64-clang
Version: 0.1.1
Check: dependencies in R code
Result: NOTE
Namespaces in Imports field not imported from:
‘DiceDesign’ ‘MaxPro’ ‘doSNOW’
All declared Imports should be used.
Flavors: r-patched-solaris-sparc, r-patched-solaris-x86, r-release-osx-x86_64-mavericks, r-oldrel-windows-ix86+x86_64