CRAN Package Check Results for Package mirtCAT

Last updated on 2017-02-24 23:52:37.

Flavor Version Tinstall Tcheck Ttotal Status Flags
r-devel-linux-x86_64-debian-clang 1.3 16.53 45.33 61.86 NOTE
r-devel-linux-x86_64-debian-gcc 1.3 18.91 44.88 63.79 NOTE
r-devel-linux-x86_64-fedora-clang 1.3 154.68 NOTE --no-stop-on-test-error
r-devel-linux-x86_64-fedora-gcc 1.3 134.39 NOTE --no-stop-on-test-error
r-devel-macos-x86_64-clang 1.3 101.73 NOTE --no-stop-on-test-error
r-devel-windows-ix86+x86_64 1.3 113.00 146.00 259.00 OK
r-patched-linux-x86_64 1.3 16.04 42.87 58.91 OK
r-patched-solaris-sparc 1.3 675.70 OK
r-patched-solaris-x86 1.3 160.00 OK
r-release-linux-x86_64 1.3 15.24 42.68 57.92 OK
r-release-osx-x86_64-mavericks 1.3 OK
r-release-windows-ix86+x86_64 1.3 76.00 149.00 225.00 OK
r-oldrel-windows-ix86+x86_64 1.3 74.00 157.00 231.00 OK

Check Details

Version: 1.3
Check: compiled code
Result: NOTE
    File ‘mirtCAT/libs/mirtCAT.so’:
     Found no calls to: ‘R_registerRoutines’, ‘R_useDynamicSymbols’
    
    It is good practice to register native routines and to disable symbol
    search.
    
    See ‘Writing portable packages’ in the ‘Writing R Extensions’ manual.
Flavors: r-devel-linux-x86_64-debian-clang, r-devel-linux-x86_64-debian-gcc

Version: 1.3
Flags: --no-stop-on-test-error
Check: compiled code
Result: NOTE
    File ‘mirtCAT/libs/mirtCAT.so’:
     Found no calls to: ‘R_registerRoutines’, ‘R_useDynamicSymbols’
    
    It is good practice to register native routines and to disable symbol
    search.
    
    See ‘Writing portable packages’ in the ‘Writing R Extensions’ manual.
Flavors: r-devel-linux-x86_64-fedora-clang, r-devel-linux-x86_64-fedora-gcc, r-devel-macos-x86_64-clang