Last updated on 2017-02-24 23:52:37.
Flavor | Version | Tinstall | Tcheck | Ttotal | Status | Flags |
---|---|---|---|---|---|---|
r-devel-linux-x86_64-debian-clang | 0.2.0 | 3.64 | 36.38 | 40.02 | NOTE | |
r-devel-linux-x86_64-debian-gcc | 0.2.0 | 3.72 | 36.15 | 39.88 | NOTE | |
r-devel-linux-x86_64-fedora-clang | 0.2.0 | 96.61 | NOTE | --no-stop-on-test-error | ||
r-devel-linux-x86_64-fedora-gcc | 0.2.0 | 82.31 | NOTE | --no-stop-on-test-error | ||
r-devel-macos-x86_64-clang | 0.2.0 | 67.46 | NOTE | --no-stop-on-test-error | ||
r-devel-windows-ix86+x86_64 | 0.2.0 | 29.00 | 110.00 | 139.00 | OK | |
r-patched-linux-x86_64 | 0.2.0 | 3.38 | 33.42 | 36.79 | OK | |
r-patched-solaris-sparc | 0.2.0 | 453.00 | OK | |||
r-patched-solaris-x86 | 0.2.0 | 110.80 | OK | |||
r-release-linux-x86_64 | 0.2.0 | 3.38 | 33.24 | 36.62 | OK | |
r-release-osx-x86_64-mavericks | 0.2.0 | OK | ||||
r-release-windows-ix86+x86_64 | 0.2.0 | 19.00 | 114.00 | 133.00 | OK | |
r-oldrel-windows-ix86+x86_64 | 0.2.0 | 16.00 | 163.00 | 179.00 | OK |
Version: 0.2.0
Check: compiled code
Result: NOTE
File ‘misclassGLM/libs/misclassGLM.so’:
Found no calls to: ‘R_registerRoutines’, ‘R_useDynamicSymbols’
It is good practice to register native routines and to disable symbol
search.
See ‘Writing portable packages’ in the ‘Writing R Extensions’ manual.
Flavors: r-devel-linux-x86_64-debian-clang, r-devel-linux-x86_64-debian-gcc
Version: 0.2.0
Flags: --no-stop-on-test-error
Check: compiled code
Result: NOTE
File ‘misclassGLM/libs/misclassGLM.so’:
Found no calls to: ‘R_registerRoutines’, ‘R_useDynamicSymbols’
It is good practice to register native routines and to disable symbol
search.
See ‘Writing portable packages’ in the ‘Writing R Extensions’ manual.
Flavors: r-devel-linux-x86_64-fedora-clang, r-devel-linux-x86_64-fedora-gcc, r-devel-macos-x86_64-clang