Last updated on 2017-02-24 23:52:38.
Flavor | Version | Tinstall | Tcheck | Ttotal | Status | Flags |
---|---|---|---|---|---|---|
r-devel-linux-x86_64-debian-clang | 1.4 | 0.60 | 12.83 | 13.44 | NOTE | |
r-devel-linux-x86_64-debian-gcc | 1.4 | 0.69 | 13.01 | 13.70 | NOTE | |
r-devel-linux-x86_64-fedora-clang | 1.4 | 26.09 | NOTE | --no-stop-on-test-error | ||
r-devel-linux-x86_64-fedora-gcc | 1.4 | 22.16 | NOTE | --no-stop-on-test-error | ||
r-devel-macos-x86_64-clang | 1.4 | 21.88 | NOTE | --no-stop-on-test-error | ||
r-devel-windows-ix86+x86_64 | 1.4 | 6.00 | 41.00 | 47.00 | NOTE | |
r-patched-linux-x86_64 | 1.4 | 0.61 | 10.93 | 11.55 | NOTE | |
r-patched-solaris-sparc | 1.4 | 135.40 | NOTE | |||
r-patched-solaris-x86 | 1.4 | 29.50 | NOTE | |||
r-release-linux-x86_64 | 1.4 | 0.58 | 10.98 | 11.56 | NOTE | |
r-release-osx-x86_64-mavericks | 1.4 | NOTE | ||||
r-release-windows-ix86+x86_64 | 1.4 | 4.00 | 40.00 | 44.00 | NOTE | |
r-oldrel-windows-ix86+x86_64 | 1.4 | 6.00 | 65.00 | 71.00 | NOTE |
Version: 1.4
Check: package namespace information
Result: NOTE
Namespace with empty importFrom: ‘gee’
Flavors: r-devel-linux-x86_64-debian-clang, r-devel-linux-x86_64-debian-gcc, r-devel-windows-ix86+x86_64, r-patched-linux-x86_64, r-patched-solaris-sparc, r-patched-solaris-x86, r-release-linux-x86_64, r-release-osx-x86_64-mavericks, r-release-windows-ix86+x86_64, r-oldrel-windows-ix86+x86_64
Version: 1.4
Check: DESCRIPTION meta-information
Result: NOTE
Malformed Description field: should contain one or more complete sentences.
Flavors: r-devel-linux-x86_64-debian-clang, r-devel-linux-x86_64-debian-gcc, r-devel-windows-ix86+x86_64, r-patched-linux-x86_64, r-patched-solaris-sparc, r-patched-solaris-x86, r-release-linux-x86_64, r-release-osx-x86_64-mavericks, r-release-windows-ix86+x86_64, r-oldrel-windows-ix86+x86_64
Version: 1.4
Check: R code for possible problems
Result: NOTE
mmm: no visible global function definition for ‘model.frame’
mmm: no visible global function definition for ‘model.matrix’
mmm: no visible global function definition for ‘model.response’
mmm: no visible global function definition for ‘as.formula’
mmm: no visible global function definition for ‘gee’
Undefined global functions or variables:
as.formula gee model.frame model.matrix model.response
Consider adding
importFrom("stats", "as.formula", "model.frame", "model.matrix",
"model.response")
to your NAMESPACE file.
Flavors: r-devel-linux-x86_64-debian-clang, r-devel-linux-x86_64-debian-gcc, r-devel-windows-ix86+x86_64, r-patched-linux-x86_64, r-patched-solaris-sparc, r-patched-solaris-x86, r-release-linux-x86_64, r-release-osx-x86_64-mavericks, r-release-windows-ix86+x86_64
Version: 1.4
Flags: --no-stop-on-test-error
Check: package namespace information
Result: NOTE
Namespace with empty importFrom: ‘gee’
Flavors: r-devel-linux-x86_64-fedora-clang, r-devel-linux-x86_64-fedora-gcc, r-devel-macos-x86_64-clang
Version: 1.4
Flags: --no-stop-on-test-error
Check: DESCRIPTION meta-information
Result: NOTE
Malformed Description field: should contain one or more complete sentences.
Flavors: r-devel-linux-x86_64-fedora-clang, r-devel-linux-x86_64-fedora-gcc, r-devel-macos-x86_64-clang
Version: 1.4
Flags: --no-stop-on-test-error
Check: R code for possible problems
Result: NOTE
mmm: no visible global function definition for ‘model.frame’
mmm: no visible global function definition for ‘model.matrix’
mmm: no visible global function definition for ‘model.response’
mmm: no visible global function definition for ‘as.formula’
mmm: no visible global function definition for ‘gee’
Undefined global functions or variables:
as.formula gee model.frame model.matrix model.response
Consider adding
importFrom("stats", "as.formula", "model.frame", "model.matrix",
"model.response")
to your NAMESPACE file.
Flavors: r-devel-linux-x86_64-fedora-clang, r-devel-linux-x86_64-fedora-gcc, r-devel-macos-x86_64-clang
Version: 1.4
Check: R code for possible problems
Result: NOTE
mmm: no visible global function definition for 'gee'
Flavor: r-oldrel-windows-ix86+x86_64