CRAN Package Check Results for Package modelr

Last updated on 2017-02-24 23:52:38.

Flavor Version Tinstall Tcheck Ttotal Status Flags
r-devel-linux-x86_64-debian-clang 0.1.0 1.10 19.94 21.04 OK
r-devel-linux-x86_64-debian-gcc 0.1.0 1.21 19.86 21.07 OK
r-devel-linux-x86_64-fedora-clang 0.1.0 36.01 NOTE --no-stop-on-test-error
r-devel-linux-x86_64-fedora-gcc 0.1.0 32.66 NOTE --no-stop-on-test-error
r-devel-macos-x86_64-clang 0.1.0 30.67 NOTE --no-stop-on-test-error
r-devel-windows-ix86+x86_64 0.1.0 12.00 55.00 67.00 OK
r-patched-linux-x86_64 0.1.0 1.05 16.89 17.94 OK
r-patched-solaris-sparc 0.1.0 189.90 NOTE
r-patched-solaris-x86 0.1.0 45.90 NOTE
r-release-linux-x86_64 0.1.0 1.28 16.44 17.73 OK
r-release-osx-x86_64-mavericks 0.1.0 NOTE
r-release-windows-ix86+x86_64 0.1.0 5.00 32.00 37.00 OK
r-oldrel-windows-ix86+x86_64 0.1.0 8.00 42.00 50.00 NOTE

Check Details

Version: 0.1.0
Flags: --no-stop-on-test-error
Check: dependencies in R code
Result: NOTE
    Namespace in Imports field not imported from: ‘broom’
     All declared Imports should be used.
Flavors: r-devel-linux-x86_64-fedora-clang, r-devel-linux-x86_64-fedora-gcc, r-devel-macos-x86_64-clang

Version: 0.1.0
Check: dependencies in R code
Result: NOTE
    Namespace in Imports field not imported from: ‘broom’
     All declared Imports should be used.
Flavors: r-patched-solaris-sparc, r-patched-solaris-x86, r-release-osx-x86_64-mavericks, r-oldrel-windows-ix86+x86_64