Last updated on 2017-02-24 23:52:38.
Flavor | Version | Tinstall | Tcheck | Ttotal | Status | Flags |
---|---|---|---|---|---|---|
r-devel-linux-x86_64-debian-clang | 4.2 | 4.40 | 154.64 | 159.04 | OK | |
r-devel-linux-x86_64-debian-gcc | 4.2 | 4.82 | 150.15 | 154.97 | OK | |
r-devel-linux-x86_64-fedora-clang | 4.2 | 328.28 | OK | --no-stop-on-test-error | ||
r-devel-linux-x86_64-fedora-gcc | 4.2 | 284.19 | OK | --no-stop-on-test-error | ||
r-devel-macos-x86_64-clang | 4.2 | 228.55 | OK | --no-stop-on-test-error | ||
r-devel-windows-ix86+x86_64 | 4.2 | 18.00 | 288.00 | 306.00 | OK | |
r-patched-linux-x86_64 | 4.2 | 4.33 | 146.92 | 151.25 | OK | |
r-patched-solaris-sparc | 4.2 | 1820.50 | OK | |||
r-patched-solaris-x86 | 4.2 | 178.20 | WARN | |||
r-release-linux-x86_64 | 4.2 | 4.80 | 143.52 | 148.32 | OK | |
r-release-osx-x86_64-mavericks | 4.2 | OK | ||||
r-release-windows-ix86+x86_64 | 4.2 | 17.00 | 309.00 | 326.00 | OK | |
r-oldrel-windows-ix86+x86_64 | 4.2 | 18.00 | 466.00 | 484.00 | OK |
Version: 4.2
Check: re-building of vignette outputs
Result: WARN
Error in re-building vignettes:
...
Loading required package: alphahull
Loading required package: rgl
Loading required package: Rvcg
Quitting from lines 56-57 (molaR_vignette.Rmd)
Error: processing vignette 'molaR_vignette.Rmd' failed with diagnostics:
alpha adjustment required
Execution halted
Flavor: r-patched-solaris-x86