Last updated on 2017-02-24 23:52:38.
Flavor | Version | Tinstall | Tcheck | Ttotal | Status | Flags |
---|---|---|---|---|---|---|
r-devel-linux-x86_64-debian-clang | 0.14.4 | 8.78 | 253.20 | 261.98 | NOTE | |
r-devel-linux-x86_64-debian-gcc | 0.14.4 | 9.43 | 247.08 | 256.51 | NOTE | |
r-devel-linux-x86_64-fedora-clang | 0.14.4 | 567.79 | NOTE | --no-stop-on-test-error | ||
r-devel-linux-x86_64-fedora-gcc | 0.14.4 | 510.13 | NOTE | --no-stop-on-test-error | ||
r-devel-macos-x86_64-clang | 0.14.4 | 397.23 | NOTE | --no-stop-on-test-error | ||
r-devel-windows-ix86+x86_64 | 0.14.4 | 51.00 | 604.00 | 655.00 | NOTE | |
r-patched-linux-x86_64 | 0.14.4 | 9.07 | 231.83 | 240.90 | NOTE | |
r-patched-solaris-sparc | 0.14.4 | 2686.40 | NOTE | |||
r-patched-solaris-x86 | 0.14.4 | 591.40 | NOTE | |||
r-release-linux-x86_64 | 0.14.4 | 8.89 | 228.22 | 237.11 | NOTE | |
r-release-osx-x86_64-mavericks | 0.14.4 | NOTE | ||||
r-release-windows-ix86+x86_64 | 0.14.4 | 31.00 | 445.00 | 476.00 | NOTE | |
r-oldrel-windows-ix86+x86_64 | 0.14.4 | 39.00 | 586.00 | 625.00 | NOTE |
Version: 0.14.4
Check: R code for possible problems
Result: NOTE
mMap: no visible binding for global variable ‘facet’
mScatter: no visible binding for global variable ‘facet’
mUniplot: no visible binding for global variable ‘facet’
Undefined global functions or variables:
facet
Flavors: r-devel-linux-x86_64-debian-clang, r-devel-linux-x86_64-debian-gcc, r-devel-windows-ix86+x86_64, r-patched-linux-x86_64, r-patched-solaris-sparc, r-patched-solaris-x86, r-release-linux-x86_64, r-release-windows-ix86+x86_64
Version: 0.14.4
Flags: --no-stop-on-test-error
Check: installed package size
Result: NOTE
installed size is 9.3Mb
sub-directories of 1Mb or more:
R 1.8Mb
doc 6.9Mb
Flavors: r-devel-linux-x86_64-fedora-clang, r-devel-linux-x86_64-fedora-gcc, r-devel-macos-x86_64-clang
Version: 0.14.4
Flags: --no-stop-on-test-error
Check: R code for possible problems
Result: NOTE
mMap: no visible binding for global variable ‘facet’
mScatter: no visible binding for global variable ‘facet’
mUniplot: no visible binding for global variable ‘facet’
Undefined global functions or variables:
facet
Flavors: r-devel-linux-x86_64-fedora-clang, r-devel-linux-x86_64-fedora-gcc, r-devel-macos-x86_64-clang
Version: 0.14.4
Check: installed package size
Result: NOTE
installed size is 9.2Mb
sub-directories of 1Mb or more:
R 1.8Mb
doc 6.8Mb
Flavors: r-devel-windows-ix86+x86_64, r-patched-solaris-sparc, r-patched-solaris-x86, r-release-osx-x86_64-mavericks, r-release-windows-ix86+x86_64, r-oldrel-windows-ix86+x86_64
Version: 0.14.4
Check: R code for possible problems
Result: NOTE
mMap: no visible binding for global variable 'facet'
mScatter: no visible binding for global variable 'facet'
mUniplot: no visible binding for global variable 'facet'
Flavor: r-oldrel-windows-ix86+x86_64