CRAN Package Check Results for Package mousetrack

Last updated on 2017-02-24 23:52:38.

Flavor Version Tinstall Tcheck Ttotal Status Flags
r-devel-linux-x86_64-debian-clang 1.0.0 0.76 14.36 15.12 NOTE
r-devel-linux-x86_64-debian-gcc 1.0.0 0.60 13.85 14.45 NOTE
r-devel-linux-x86_64-fedora-clang 1.0.0 28.29 NOTE --no-stop-on-test-error
r-devel-linux-x86_64-fedora-gcc 1.0.0 23.37 NOTE --no-stop-on-test-error
r-devel-macos-x86_64-clang 1.0.0 22.91 NOTE --no-stop-on-test-error
r-devel-windows-ix86+x86_64 1.0.0 2.00 39.00 41.00 NOTE
r-patched-linux-x86_64 1.0.0 0.59 11.52 12.11 NOTE
r-patched-solaris-sparc 1.0.0 130.90 NOTE
r-patched-solaris-x86 1.0.0 32.20 NOTE
r-release-linux-x86_64 1.0.0 0.57 12.31 12.88 NOTE
r-release-osx-x86_64-mavericks 1.0.0 NOTE
r-release-windows-ix86+x86_64 1.0.0 2.00 29.00 31.00 NOTE
r-oldrel-windows-ix86+x86_64 1.0.0 2.00 27.00 29.00 OK

Check Details

Version: 1.0.0
Check: R code for possible problems
Result: NOTE
    getmouseDV: no visible global function definition for ‘tail’
    interpltraj: no visible global function definition for ‘approx’
    trim1: no visible global function definition for ‘tail’
    Undefined global functions or variables:
     approx tail
    Consider adding
     importFrom("stats", "approx")
     importFrom("utils", "tail")
    to your NAMESPACE file.
Flavors: r-devel-linux-x86_64-debian-clang, r-devel-linux-x86_64-debian-gcc, r-devel-windows-ix86+x86_64, r-patched-linux-x86_64, r-patched-solaris-sparc, r-patched-solaris-x86, r-release-linux-x86_64, r-release-osx-x86_64-mavericks, r-release-windows-ix86+x86_64

Version: 1.0.0
Flags: --no-stop-on-test-error
Check: R code for possible problems
Result: NOTE
    getmouseDV: no visible global function definition for ‘tail’
    interpltraj: no visible global function definition for ‘approx’
    trim1: no visible global function definition for ‘tail’
    Undefined global functions or variables:
     approx tail
    Consider adding
     importFrom("stats", "approx")
     importFrom("utils", "tail")
    to your NAMESPACE file.
Flavors: r-devel-linux-x86_64-fedora-clang, r-devel-linux-x86_64-fedora-gcc, r-devel-macos-x86_64-clang