Last updated on 2017-02-24 23:52:38.
Flavor | Version | Tinstall | Tcheck | Ttotal | Status | Flags |
---|---|---|---|---|---|---|
r-devel-linux-x86_64-debian-clang | 0.2-1 | 1.32 | 32.15 | 33.46 | NOTE | |
r-devel-linux-x86_64-debian-gcc | 0.2-1 | 1.19 | 31.13 | 32.32 | NOTE | |
r-devel-linux-x86_64-fedora-clang | 0.2-1 | 64.14 | NOTE | --no-stop-on-test-error | ||
r-devel-linux-x86_64-fedora-gcc | 0.2-1 | 34.81 | NOTE | --no-stop-on-test-error | ||
r-devel-macos-x86_64-clang | 0.2-1 | 42.50 | NOTE | --no-stop-on-test-error | ||
r-devel-windows-ix86+x86_64 | 0.2-1 | 19.00 | 79.00 | 98.00 | OK | |
r-patched-linux-x86_64 | 0.2-0 | 1.50 | 27.58 | 29.08 | NOTE | |
r-patched-solaris-sparc | 0.2-1 | 255.00 | OK | |||
r-patched-solaris-x86 | 0.2-1 | 47.20 | OK | |||
r-release-linux-x86_64 | 0.2-1 | 1.14 | 27.17 | 28.30 | NOTE | |
r-release-osx-x86_64-mavericks | 0.2-1 | NOTE | ||||
r-release-windows-ix86+x86_64 | 0.2-1 | 11.00 | 77.00 | 88.00 | OK | |
r-oldrel-windows-ix86+x86_64 | 0.2-1 | 10.00 | 5.00 | 15.00 | ERROR |
Version: 0.2-1
Check: package dependencies
Result: NOTE
Package suggested but not available for checking: ‘corpus.useR.2008.abstracts’
Flavors: r-devel-linux-x86_64-debian-clang, r-devel-linux-x86_64-debian-gcc, r-release-linux-x86_64, r-release-osx-x86_64-mavericks
Version: 0.2-1
Flags: --no-stop-on-test-error
Check: package dependencies
Result: NOTE
Package suggested but not available for checking: ‘corpus.useR.2008.abstracts’
Flavors: r-devel-linux-x86_64-fedora-clang, r-devel-linux-x86_64-fedora-gcc, r-devel-macos-x86_64-clang
Version: 0.2-0
Check: package dependencies
Result: NOTE
Package suggested but not available for checking: ‘corpus.useR.2008.abstracts’
Flavor: r-patched-linux-x86_64
Version: 0.2-1
Check: package dependencies
Result: ERROR
Package required and available but unsuitable version: 'slam'
See section 'The DESCRIPTION file' in the 'Writing R Extensions'
manual.
Flavor: r-oldrel-windows-ix86+x86_64