CRAN Package Check Results for Package msgtools

Last updated on 2017-02-24 23:52:39.

Flavor Version Tinstall Tcheck Ttotal Status Flags
r-devel-linux-x86_64-debian-clang 0.2.4 2.17 38.99 41.16 OK
r-devel-linux-x86_64-debian-gcc 0.2.4 2.29 37.70 39.99 OK
r-devel-linux-x86_64-fedora-clang 0.2.4 87.02 OK --no-stop-on-test-error
r-devel-linux-x86_64-fedora-gcc 0.2.4 77.05 OK --no-stop-on-test-error
r-devel-windows-ix86+x86_64 0.2.4 11.00 133.00 144.00 OK
r-patched-linux-x86_64 0.2.4 2.12 32.76 34.88 OK
r-patched-solaris-sparc 0.2.4 379.60 ERROR
r-patched-solaris-x86 0.2.4 89.20 ERROR
r-release-linux-x86_64 0.2.4 2.20 32.68 34.88 OK
r-release-osx-x86_64-mavericks 0.2.4 ERROR
r-release-windows-ix86+x86_64 0.2.4 9.00 110.00 119.00 OK
r-oldrel-windows-ix86+x86_64 0.2.4 12.00 184.00 196.00 OK

Check Details

Version: 0.2.4
Check: tests
Result: ERROR
     Running ‘test-all.R’ [23s/23s]
    Running the tests in ‘tests/test-all.R’ failed.
    Complete output:
     > library("testthat")
     > library("msgtools")
     > test_check("msgtools", reporter = "summary")
     use_localization() works: xgettext: illegal option -- version
     Usage: xgettext [-a [-x exclude-file]] [-jns][-c comment-tag]
     [-d default-domain] [-m prefix] [-M suffix] [-p pathname] files ...
     xgettext -h
     1Package: translateme
     Title: An Example Package
     Version: 0.0.0.9000
     Authors@R: person("First", "Last", email = "first.last@example.com", role = c("aut", "cre"))
     Description: Demonstrates 'msgtools' functionality
     Depends: R (>= 3.3.2)
     License: Unlimited
     Encoding: UTF-8
     LazyData: true
     BugReports: https://github.com/RL10N/msgtools/issues
    
     basic functions work: ....
     translation functions work: sh: whoami: not found
     sh: git: not found
     sh: git: not found
     ..sh: whoami: not found
     sh: git: not found
     sh: git: not found
     sh: whoami: not found
     sh: git: not found
     sh: git: not found
     sh: msgmerge: not found
     Wsh: whoami: not found
     sh: git: not found
     sh: git: not found
     .sh: whoami: not found
     sh: git: not found
     sh: git: not found
     sh: whoami: not found
     sh: git: not found
     sh: git: not found
     sh: msgmerge: not found
     Wsh: whoami: not found
     sh: git: not found
     sh: git: not found
     .
     template functions work: .sh: whoami: not found
     sh: git: not found
     sh: git: not found
     sh: whoami: not found
     sh: git: not found
     sh: git: not found
     .sh: whoami: not found
     sh: git: not found
     sh: git: not found
     .sh: whoami: not found
     sh: git: not found
     sh: git: not found
     .
     installation functions work: .Usage: msgfmt [-D dir | --directory=dir] [-f | --use-fuzzy]
     [-g] [-o outfile | --output-file=outfile]
     [-s] [--strict] [-v] [--verbose] files ...
     WUsage: msgfmt [-D dir | --directory=dir] [-f | --use-fuzzy]
     [-g] [-o outfile | --output-file=outfile]
     [-s] [--strict] [-v] [--verbose] files ...
     WUsage: msgfmt [-D dir | --directory=dir] [-f | --use-fuzzy]
     [-g] [-o outfile | --output-file=outfile]
     [-s] [--strict] [-v] [--verbose] files ...
     W.
    
     Warnings -----------------------------------------------------------------------
     1. make_translation() and write_translation() work (@test.R#39) - running msgmerge on /tmp/RtmppqaiIL/translateme/po/R-es.po failed
    
     2. make_translation() and write_translation() work (@test.R#43) - running msgmerge on /tmp/RtmppqaiIL/translateme/po/R-es.po failed
    
     3. check_translations() works (@test.R#73) - running msgfmt on R-es.po failed
    
     4. check_translations() works (@test.R#73) - running msgfmt on file4b112eb7c35 failed
    
     5. check_translations() works (@test.R#73) - running msgfmt on file4b1112fe256f failed
    
     Failed -------------------------------------------------------------------------
     1. Failure: check_for_gettext() works (@test.R#4) ------------------------------
     check_for_gettext() isn't true.
    
    
     DONE ===========================================================================
     Error: Test failures
     Execution halted
Flavor: r-patched-solaris-sparc

Version: 0.2.4
Check: tests
Result: ERROR
     Running ‘test-all.R’
    Running the tests in ‘tests/test-all.R’ failed.
    Complete output:
     > library("testthat")
     > library("msgtools")
     > test_check("msgtools", reporter = "summary")
     use_localization() works: xgettext: illegal option -- version
     Usage: xgettext [-a [-x exclude-file]] [-jns][-c comment-tag]
     [-d default-domain] [-m prefix] [-M suffix] [-p pathname] files ...
     xgettext -h
     1Package: translateme
     Title: An Example Package
     Version: 0.0.0.9000
     Authors@R: person("First", "Last", email = "first.last@example.com", role = c("aut", "cre"))
     Description: Demonstrates 'msgtools' functionality
     Depends: R (>= 3.3.2)
     License: Unlimited
     Encoding: UTF-8
     LazyData: true
     BugReports: https://github.com/RL10N/msgtools/issues
    
     basic functions work: ....
     translation functions work: sh: whoami: not found
     sh: git: not found
     sh: git: not found
     ..sh: whoami: not found
     sh: git: not found
     sh: git: not found
     sh: whoami: not found
     sh: git: not found
     sh: git: not found
     sh: msgmerge: not found
     Wsh: whoami: not found
     sh: git: not found
     sh: git: not found
     .sh: whoami: not found
     sh: git: not found
     sh: git: not found
     sh: whoami: not found
     sh: git: not found
     sh: git: not found
     sh: msgmerge: not found
     Wsh: whoami: not found
     sh: git: not found
     sh: git: not found
     .
     template functions work: .sh: whoami: not found
     sh: git: not found
     sh: git: not found
     sh: whoami: not found
     sh: git: not found
     sh: git: not found
     .sh: whoami: not found
     sh: git: not found
     sh: git: not found
     .sh: whoami: not found
     sh: git: not found
     sh: git: not found
     .
     installation functions work: .Usage: msgfmt [-D dir | --directory=dir] [-f | --use-fuzzy]
     [-g] [-o outfile | --output-file=outfile]
     [-s] [--strict] [-v] [--verbose] files ...
     WUsage: msgfmt [-D dir | --directory=dir] [-f | --use-fuzzy]
     [-g] [-o outfile | --output-file=outfile]
     [-s] [--strict] [-v] [--verbose] files ...
     WUsage: msgfmt [-D dir | --directory=dir] [-f | --use-fuzzy]
     [-g] [-o outfile | --output-file=outfile]
     [-s] [--strict] [-v] [--verbose] files ...
     W.
    
     Warnings -----------------------------------------------------------------------
     1. make_translation() and write_translation() work (@test.R#39) - running msgmerge on /tmp/RtmpLqaayK/translateme/po/R-es.po failed
    
     2. make_translation() and write_translation() work (@test.R#43) - running msgmerge on /tmp/RtmpLqaayK/translateme/po/R-es.po failed
    
     3. check_translations() works (@test.R#73) - running msgfmt on R-es.po failed
    
     4. check_translations() works (@test.R#73) - running msgfmt on file48c024f045d failed
    
     5. check_translations() works (@test.R#73) - running msgfmt on file48c0279217f5 failed
    
     Failed -------------------------------------------------------------------------
     1. Failure: check_for_gettext() works (@test.R#4) ------------------------------
     check_for_gettext() isn't true.
    
    
     DONE ===========================================================================
     Error: Test failures
     Execution halted
Flavor: r-patched-solaris-x86

Version: 0.2.4
Check: tests
Result: ERROR
    Running the tests in ‘tests/test-all.R’ failed.
    Last 13 lines of output:
    
     4. check_translations() works (@test.R#73) - running msgfmt on file309253976872 failed
    
     5. check_translations() works (@test.R#73) - running msgfmt on file3092794a3f3d failed
    
     Failed -------------------------------------------------------------------------
     1. Failure: check_for_gettext() works (@test.R#4) ------------------------------
     check_for_gettext() isn't true.
    
    
     DONE ===========================================================================
     Error: Test failures
     Execution halted
Flavor: r-release-osx-x86_64-mavericks