CRAN Package Check Results for Package mvLSW

Last updated on 2017-02-24 23:52:39.

Flavor Version Tinstall Tcheck Ttotal Status Flags
r-devel-linux-x86_64-debian-clang 1.0 2.24 48.15 50.39 NOTE
r-devel-linux-x86_64-debian-gcc 1.0 2.15 48.06 50.22 NOTE
r-devel-linux-x86_64-fedora-clang 1.1 48.27 OK --no-stop-on-test-error
r-devel-linux-x86_64-fedora-gcc 1.1 49.89 OK --no-stop-on-test-error
r-devel-macos-x86_64-clang 1.1 66.93 OK --no-stop-on-test-error
r-devel-windows-ix86+x86_64 1.0 23.00 185.00 208.00 OK
r-patched-linux-x86_64 1.0 2.38 42.17 44.55 OK
r-patched-solaris-sparc 1.1 487.50 OK
r-patched-solaris-x86 1.1 83.30 OK
r-release-linux-x86_64 1.0 2.05 42.17 44.22 OK
r-release-osx-x86_64-mavericks 1.0 OK
r-release-windows-ix86+x86_64 1.0 13.00 149.00 162.00 OK
r-oldrel-windows-ix86+x86_64 1.1 22.00 174.00 196.00 OK

Check Details

Version: 1.0
Check: compiled code
Result: NOTE
    File ‘mvLSW/libs/mvLSW.so’:
     Found no calls to: ‘R_registerRoutines’, ‘R_useDynamicSymbols’
    
    It is good practice to register native routines and to disable symbol
    search.
    
    See ‘Writing portable packages’ in the ‘Writing R Extensions’ manual.
Flavors: r-devel-linux-x86_64-debian-clang, r-devel-linux-x86_64-debian-gcc