CRAN Package Check Results for Package mvabund

Last updated on 2017-02-24 23:52:39.

Flavor Version Tinstall Tcheck Ttotal Status Flags
r-devel-linux-x86_64-debian-clang 3.12 16.95 87.45 104.40 NOTE
r-devel-linux-x86_64-debian-gcc 3.12 19.40 85.22 104.62 NOTE
r-devel-linux-x86_64-fedora-clang 3.12 204.77 NOTE --no-stop-on-test-error
r-devel-linux-x86_64-fedora-gcc 3.12 198.83 NOTE --no-stop-on-test-error
r-devel-macos-x86_64-clang 3.12 143.71 NOTE --no-stop-on-test-error
r-devel-windows-ix86+x86_64 3.12 115.00 276.00 391.00 OK
r-patched-linux-x86_64 3.12 16.07 79.97 96.04 OK
r-patched-solaris-sparc 3.12 1242.10 OK
r-patched-solaris-x86 3.12 245.00 OK
r-release-linux-x86_64 3.12 15.95 79.70 95.66 OK
r-release-osx-x86_64-mavericks 3.12 OK
r-release-windows-ix86+x86_64 3.12 94.00 231.00 325.00 OK
r-oldrel-windows-ix86+x86_64 3.12 111.00 258.00 369.00 OK

Check Details

Version: 3.12
Check: compiled code
Result: NOTE
    File ‘mvabund/libs/mvabund.so’:
     Found no calls to: ‘R_registerRoutines’, ‘R_useDynamicSymbols’
    
    It is good practice to register native routines and to disable symbol
    search.
    
    See ‘Writing portable packages’ in the ‘Writing R Extensions’ manual.
Flavors: r-devel-linux-x86_64-debian-clang, r-devel-linux-x86_64-debian-gcc

Version: 3.12
Flags: --no-stop-on-test-error
Check: compiled code
Result: NOTE
    File ‘mvabund/libs/mvabund.so’:
     Found no calls to: ‘R_registerRoutines’, ‘R_useDynamicSymbols’
    
    It is good practice to register native routines and to disable symbol
    search.
    
    See ‘Writing portable packages’ in the ‘Writing R Extensions’ manual.
Flavors: r-devel-linux-x86_64-fedora-clang, r-devel-linux-x86_64-fedora-gcc, r-devel-macos-x86_64-clang