CRAN Package Check Results for Package mvctm

Last updated on 2017-02-24 23:52:39.

Flavor Version Tinstall Tcheck Ttotal Status Flags
r-devel-linux-x86_64-debian-clang 1.0 3.01 40.06 43.07 NOTE
r-devel-linux-x86_64-debian-gcc 1.0 3.07 39.99 43.06 NOTE
r-devel-linux-x86_64-fedora-clang 1.0 99.34 NOTE --no-stop-on-test-error
r-devel-linux-x86_64-fedora-gcc 1.0 93.27 NOTE --no-stop-on-test-error
r-devel-macos-x86_64-clang 1.0 72.64 NOTE --no-stop-on-test-error
r-devel-windows-ix86+x86_64 1.0 14.00 91.00 105.00 NOTE
r-patched-linux-x86_64 1.0 3.22 37.33 40.55 NOTE
r-patched-solaris-sparc 1.0 488.90 NOTE
r-patched-solaris-x86 1.0 98.50 NOTE
r-release-linux-x86_64 1.0 3.48 37.58 41.07 NOTE
r-release-osx-x86_64-mavericks 1.0 NOTE
r-release-windows-ix86+x86_64 1.0 11.00 93.00 104.00 NOTE
r-oldrel-windows-ix86+x86_64 1.0 15.00 96.00 111.00 NOTE

Check Details

Version: 1.0
Check: R code for possible problems
Result: NOTE
    mvctm: no visible global function definition for ‘model.frame’
    permute3levelt2: no visible global function definition for ‘relist’
    testvc2level: no visible global function definition for ‘relist’
    ystand: no visible global function definition for ‘formula’
    ystand: no visible global function definition for ‘median’
    ystand: no visible global function definition for ‘lm’
    ystand: no visible global function definition for ‘residuals’
    ystand: no visible global function definition for ‘spatial.signs’
    ystand: no visible global function definition for ‘spatial.rank’
    Undefined global functions or variables:
     formula lm median model.frame relist residuals spatial.rank
     spatial.signs
    Consider adding
     importFrom("stats", "formula", "lm", "median", "model.frame",
     "residuals")
     importFrom("utils", "relist")
    to your NAMESPACE file.
Flavors: r-devel-linux-x86_64-debian-clang, r-devel-linux-x86_64-debian-gcc, r-devel-windows-ix86+x86_64, r-patched-linux-x86_64, r-patched-solaris-sparc, r-patched-solaris-x86, r-release-linux-x86_64, r-release-osx-x86_64-mavericks, r-release-windows-ix86+x86_64

Version: 1.0
Flags: --no-stop-on-test-error
Check: R code for possible problems
Result: NOTE
    mvctm: no visible global function definition for ‘model.frame’
    permute3levelt2: no visible global function definition for ‘relist’
    testvc2level: no visible global function definition for ‘relist’
    ystand: no visible global function definition for ‘formula’
    ystand: no visible global function definition for ‘median’
    ystand: no visible global function definition for ‘lm’
    ystand: no visible global function definition for ‘residuals’
    ystand: no visible global function definition for ‘spatial.signs’
    ystand: no visible global function definition for ‘spatial.rank’
    Undefined global functions or variables:
     formula lm median model.frame relist residuals spatial.rank
     spatial.signs
    Consider adding
     importFrom("stats", "formula", "lm", "median", "model.frame",
     "residuals")
     importFrom("utils", "relist")
    to your NAMESPACE file.
Flavors: r-devel-linux-x86_64-fedora-clang, r-devel-linux-x86_64-fedora-gcc, r-devel-macos-x86_64-clang

Version: 1.0
Check: R code for possible problems
Result: NOTE
    ystand: no visible global function definition for 'spatial.signs'
    ystand: no visible global function definition for 'spatial.rank'
Flavor: r-oldrel-windows-ix86+x86_64