Last updated on 2017-02-24 23:52:39.
Flavor | Version | Tinstall | Tcheck | Ttotal | Status | Flags |
---|---|---|---|---|---|---|
r-devel-linux-x86_64-debian-clang | 1.0-5 | 3.12 | 63.44 | 66.56 | NOTE | |
r-devel-linux-x86_64-debian-gcc | 1.0-5 | 2.79 | 60.61 | 63.40 | NOTE | |
r-devel-linux-x86_64-fedora-clang | 1.0-5 | 133.11 | NOTE | --no-stop-on-test-error | ||
r-devel-linux-x86_64-fedora-gcc | 1.0-5 | 125.70 | NOTE | --no-stop-on-test-error | ||
r-devel-macos-x86_64-clang | 1.0-5 | 78.90 | NOTE | --no-stop-on-test-error | ||
r-devel-windows-ix86+x86_64 | 1.0-5 | 14.00 | 189.00 | 203.00 | OK | |
r-patched-linux-x86_64 | 1.0-5 | 2.39 | 56.24 | 58.63 | OK | |
r-patched-solaris-sparc | 1.0-5 | 831.10 | OK | |||
r-patched-solaris-x86 | 1.0-5 | 139.80 | OK | |||
r-release-linux-x86_64 | 1.0-5 | 2.41 | 56.14 | 58.54 | OK | |
r-release-osx-x86_64-mavericks | 1.0-5 | OK | ||||
r-release-windows-ix86+x86_64 | 1.0-5 | 30.00 | 161.00 | 191.00 | OK | |
r-oldrel-windows-ix86+x86_64 | 1.0-5 | 38.00 | 179.00 | 217.00 | OK |
Version: 1.0-5
Check: compiled code
Result: NOTE
File ‘mvtnorm/libs/mvtnorm.so’:
Found no call to: ‘R_useDynamicSymbols’
It is good practice to register native routines and to disable symbol
search.
See ‘Writing portable packages’ in the ‘Writing R Extensions’ manual.
Flavors: r-devel-linux-x86_64-debian-clang, r-devel-linux-x86_64-debian-gcc
Version: 1.0-5
Flags: --no-stop-on-test-error
Check: compiled code
Result: NOTE
File ‘mvtnorm/libs/mvtnorm.so’:
Found no call to: ‘R_useDynamicSymbols’
It is good practice to register native routines and to disable symbol
search.
See ‘Writing portable packages’ in the ‘Writing R Extensions’ manual.
Flavors: r-devel-linux-x86_64-fedora-clang, r-devel-linux-x86_64-fedora-gcc, r-devel-macos-x86_64-clang