CRAN Package Check Results for Package mycor

Last updated on 2017-02-24 23:52:39.

Flavor Version Tinstall Tcheck Ttotal Status Flags
r-devel-linux-x86_64-debian-clang 0.1 0.78 21.32 22.10 NOTE
r-devel-linux-x86_64-debian-gcc 0.1 0.78 20.92 21.69 NOTE
r-devel-linux-x86_64-fedora-clang 0.1 30.40 NOTE --no-stop-on-test-error
r-devel-linux-x86_64-fedora-gcc 0.1 28.58 NOTE --no-stop-on-test-error
r-devel-macos-x86_64-clang 0.1 24.39 NOTE --no-stop-on-test-error
r-devel-windows-ix86+x86_64 0.1 8.00 53.00 61.00 NOTE
r-patched-linux-x86_64 0.1 0.64 12.89 13.53 NOTE
r-patched-solaris-sparc 0.1 142.60 NOTE
r-patched-solaris-x86 0.1 35.30 NOTE
r-release-linux-x86_64 0.1 0.77 13.26 14.03 NOTE
r-release-osx-x86_64-mavericks 0.1 NOTE
r-release-windows-ix86+x86_64 0.1 3.00 42.00 45.00 NOTE
r-oldrel-windows-ix86+x86_64 0.1 7.00 67.00 74.00 OK

Check Details

Version: 0.1
Check: S3 generic/method consistency
Result: NOTE
    Found the following apparent S3 methods exported but not registered:
     mycor.default mycor.formula plot.mycor print.mycor summary.mycor
    See section ‘Registering S3 methods’ in the ‘Writing R Extensions’
    manual.
Flavors: r-devel-linux-x86_64-debian-clang, r-devel-linux-x86_64-debian-gcc, r-patched-linux-x86_64, r-patched-solaris-sparc, r-patched-solaris-x86, r-release-linux-x86_64

Version: 0.1
Check: R code for possible problems
Result: NOTE
    mycor.formula: no visible global function definition for ‘terms’
    mylm: no visible global function definition for ‘cor.test’
    mylm: no visible global function definition for ‘lm’
    panel.cor: no visible global function definition for ‘par’
    panel.cor: no visible global function definition for ‘cor’
    panel.cor: no visible global function definition for ‘strwidth’
    panel.cor: no visible global function definition for ‘text’
    panel.hist: no visible global function definition for ‘par’
    panel.hist: no visible global function definition for ‘hist’
    panel.hist: no visible global function definition for ‘rect’
    plot.mycor: no visible global function definition for ‘pairs’
    plot.mycor: no visible binding for global variable ‘panel.smooth’
    Undefined global functions or variables:
     cor cor.test hist lm pairs panel.smooth par rect strwidth terms text
    Consider adding
     importFrom("graphics", "hist", "pairs", "panel.smooth", "par", "rect",
     "strwidth", "text")
     importFrom("stats", "cor", "cor.test", "lm", "terms")
    to your NAMESPACE file.
Flavors: r-devel-linux-x86_64-debian-clang, r-devel-linux-x86_64-debian-gcc, r-devel-windows-ix86+x86_64, r-patched-linux-x86_64, r-patched-solaris-sparc, r-patched-solaris-x86, r-release-linux-x86_64, r-release-osx-x86_64-mavericks, r-release-windows-ix86+x86_64

Version: 0.1
Flags: --no-stop-on-test-error
Check: S3 generic/method consistency
Result: NOTE
    Found the following apparent S3 methods exported but not registered:
     mycor.default mycor.formula plot.mycor print.mycor summary.mycor
    See section ‘Registering S3 methods’ in the ‘Writing R Extensions’
    manual.
Flavors: r-devel-linux-x86_64-fedora-clang, r-devel-linux-x86_64-fedora-gcc, r-devel-macos-x86_64-clang

Version: 0.1
Flags: --no-stop-on-test-error
Check: R code for possible problems
Result: NOTE
    mycor.formula: no visible global function definition for ‘terms’
    mylm: no visible global function definition for ‘cor.test’
    mylm: no visible global function definition for ‘lm’
    panel.cor: no visible global function definition for ‘par’
    panel.cor: no visible global function definition for ‘cor’
    panel.cor: no visible global function definition for ‘strwidth’
    panel.cor: no visible global function definition for ‘text’
    panel.hist: no visible global function definition for ‘par’
    panel.hist: no visible global function definition for ‘hist’
    panel.hist: no visible global function definition for ‘rect’
    plot.mycor: no visible global function definition for ‘pairs’
    plot.mycor: no visible binding for global variable ‘panel.smooth’
    Undefined global functions or variables:
     cor cor.test hist lm pairs panel.smooth par rect strwidth terms text
    Consider adding
     importFrom("graphics", "hist", "pairs", "panel.smooth", "par", "rect",
     "strwidth", "text")
     importFrom("stats", "cor", "cor.test", "lm", "terms")
    to your NAMESPACE file.
Flavors: r-devel-linux-x86_64-fedora-clang, r-devel-linux-x86_64-fedora-gcc, r-devel-macos-x86_64-clang