Last updated on 2017-02-24 23:52:40.
Flavor | Version | Tinstall | Tcheck | Ttotal | Status | Flags |
---|---|---|---|---|---|---|
r-devel-linux-x86_64-debian-clang | 0.2 | 16.22 | 33.40 | 49.63 | NOTE | |
r-devel-linux-x86_64-debian-gcc | 0.2 | 16.20 | 33.12 | 49.32 | NOTE | |
r-devel-linux-x86_64-fedora-clang | 0.2 | 114.60 | NOTE | --no-stop-on-test-error | ||
r-devel-linux-x86_64-fedora-gcc | 0.2 | 104.64 | NOTE | --no-stop-on-test-error | ||
r-devel-macos-x86_64-clang | 0.2 | 78.40 | NOTE | --no-stop-on-test-error | ||
r-devel-windows-ix86+x86_64 | 0.2 | 85.00 | 113.00 | 198.00 | OK | |
r-patched-linux-x86_64 | 0.2 | 13.80 | 30.50 | 44.29 | OK | |
r-patched-solaris-sparc | 0.2 | 522.00 | OK | |||
r-patched-solaris-x86 | 0.2 | 120.50 | OK | |||
r-release-linux-x86_64 | 0.2 | 13.72 | 30.54 | 44.27 | OK | |
r-release-osx-x86_64-mavericks | 0.2 | OK | ||||
r-release-windows-ix86+x86_64 | 0.2 | 62.00 | 140.00 | 202.00 | OK | |
r-oldrel-windows-ix86+x86_64 | 0.2 | 76.00 | 145.00 | 221.00 | OK |
Version: 0.2
Check: compiled code
Result: NOTE
File ‘netcoh/libs/netcoh.so’:
Found no calls to: ‘R_registerRoutines’, ‘R_useDynamicSymbols’
It is good practice to register native routines and to disable symbol
search.
See ‘Writing portable packages’ in the ‘Writing R Extensions’ manual.
Flavors: r-devel-linux-x86_64-debian-clang, r-devel-linux-x86_64-debian-gcc
Version: 0.2
Flags: --no-stop-on-test-error
Check: compiled code
Result: NOTE
File ‘netcoh/libs/netcoh.so’:
Found no calls to: ‘R_registerRoutines’, ‘R_useDynamicSymbols’
It is good practice to register native routines and to disable symbol
search.
See ‘Writing portable packages’ in the ‘Writing R Extensions’ manual.
Flavors: r-devel-linux-x86_64-fedora-clang, r-devel-linux-x86_64-fedora-gcc, r-devel-macos-x86_64-clang