CRAN Package Check Results for Package nlsmsn

Last updated on 2017-02-24 23:52:40.

Flavor Version Tinstall Tcheck Ttotal Status Flags
r-devel-linux-x86_64-debian-clang 0.0-4 0.65 15.79 16.44 NOTE
r-devel-linux-x86_64-debian-gcc 0.0-4 0.73 15.30 16.03 NOTE
r-devel-linux-x86_64-fedora-clang 0.0-4 28.21 NOTE --no-stop-on-test-error
r-devel-linux-x86_64-fedora-gcc 0.0-4 24.63 NOTE --no-stop-on-test-error
r-devel-macos-x86_64-clang 0.0-4 22.15 NOTE --no-stop-on-test-error
r-devel-windows-ix86+x86_64 0.0-4 3.00 40.00 43.00 NOTE
r-patched-linux-x86_64 0.0-4 0.52 13.87 14.39 NOTE
r-patched-solaris-sparc 0.0-4 137.50 NOTE
r-patched-solaris-x86 0.0-4 31.20 NOTE
r-release-linux-x86_64 0.0-4 0.56 14.56 15.11 NOTE
r-release-osx-x86_64-mavericks 0.0-4 NOTE
r-release-windows-ix86+x86_64 0.0-4 2.00 30.00 32.00 NOTE
r-oldrel-windows-ix86+x86_64 0.0-4 3.00 25.00 28.00 NOTE

Check Details

Version: 0.0-4
Check: DESCRIPTION meta-information
Result: NOTE
    Malformed Title field: should not end in a period.
Flavors: r-devel-linux-x86_64-debian-clang, r-devel-linux-x86_64-debian-gcc, r-devel-windows-ix86+x86_64, r-patched-linux-x86_64, r-patched-solaris-sparc, r-patched-solaris-x86, r-release-linux-x86_64, r-release-osx-x86_64-mavericks, r-release-windows-ix86+x86_64, r-oldrel-windows-ix86+x86_64

Version: 0.0-4
Check: R code for possible problems
Result: NOTE
    dSN: no visible global function definition for ‘dnorm’
    dSN: no visible global function definition for ‘pnorm’
    dSNC: no visible global function definition for ‘dnorm’
    dSNC: no visible global function definition for ‘pnorm’
    dSNCH: no visible global function definition for ‘dnorm’
    dSNCH: no visible global function definition for ‘pnorm’
    dSNH: no visible global function definition for ‘dnorm’
    dSNH: no visible global function definition for ‘pnorm’
    dSS : f: no visible global function definition for ‘dnorm’
    dSS : f: no visible global function definition for ‘pnorm’
    dSS: no visible global function definition for ‘integrate’
    dSSH : f: no visible global function definition for ‘dnorm’
    dSSH : f: no visible global function definition for ‘pnorm’
    dSSH: no visible global function definition for ‘integrate’
    dt.ls: no visible global function definition for ‘dt’
    dt.ls: no visible global function definition for ‘pt’
    dtH.ls: no visible global function definition for ‘dt’
    dtH.ls: no visible global function definition for ‘pt’
    smsn.nl.intern: no visible global function definition for ‘pt’
    smsn.nl.intern: no visible global function definition for ‘coef’
    smsn.nl.intern: no visible global function definition for ‘nls’
    smsn.nl.intern: no visible global function definition for ‘dnorm’
    smsn.nl.intern: no visible global function definition for ‘pnorm’
    smsn.nl.intern: no visible global function definition for ‘pgamma’
    smsn.nl.intern : faux: no visible global function definition for
     ‘pnorm’
    smsn.nl.intern: no visible global function definition for ‘integrate’
    smsn.nlh.intern: no visible global function definition for ‘pt’
    smsn.nlh.intern: no visible global function definition for ‘coef’
    smsn.nlh.intern: no visible global function definition for ‘nls’
    smsn.nlh.intern: no visible global function definition for ‘optimize’
    smsn.nlh.intern: no visible global function definition for ‘dnorm’
    smsn.nlh.intern: no visible global function definition for ‘pnorm’
    smsn.nlh.intern: no visible global function definition for ‘pgamma’
    smsn.nlh.intern : faux: no visible global function definition for
     ‘pnorm’
    smsn.nlh.intern: no visible global function definition for ‘integrate’
    Undefined global functions or variables:
     coef dnorm dt integrate nls optimize pgamma pnorm pt
    Consider adding
     importFrom("stats", "coef", "dnorm", "dt", "integrate", "nls",
     "optimize", "pgamma", "pnorm", "pt")
    to your NAMESPACE file.
Flavors: r-devel-linux-x86_64-debian-clang, r-devel-linux-x86_64-debian-gcc, r-devel-windows-ix86+x86_64, r-patched-linux-x86_64, r-patched-solaris-sparc, r-patched-solaris-x86, r-release-linux-x86_64, r-release-osx-x86_64-mavericks, r-release-windows-ix86+x86_64

Version: 0.0-4
Check: Rd line widths
Result: NOTE
    Rd file 'smsn.nl.Rd':
     \usage lines wider than 90 characters:
     nu = NULL, nlf = NULL, rho.func = 1, reg.type = "Homoscedastic", criteria = FALSE,
    
    These lines will be truncated in the PDF manual.
Flavors: r-devel-linux-x86_64-debian-clang, r-devel-linux-x86_64-debian-gcc, r-patched-linux-x86_64, r-release-linux-x86_64

Version: 0.0-4
Flags: --no-stop-on-test-error
Check: DESCRIPTION meta-information
Result: NOTE
    Malformed Title field: should not end in a period.
Flavors: r-devel-linux-x86_64-fedora-clang, r-devel-linux-x86_64-fedora-gcc, r-devel-macos-x86_64-clang

Version: 0.0-4
Flags: --no-stop-on-test-error
Check: R code for possible problems
Result: NOTE
    dSN: no visible global function definition for ‘dnorm’
    dSN: no visible global function definition for ‘pnorm’
    dSNC: no visible global function definition for ‘dnorm’
    dSNC: no visible global function definition for ‘pnorm’
    dSNCH: no visible global function definition for ‘dnorm’
    dSNCH: no visible global function definition for ‘pnorm’
    dSNH: no visible global function definition for ‘dnorm’
    dSNH: no visible global function definition for ‘pnorm’
    dSS : f: no visible global function definition for ‘dnorm’
    dSS : f: no visible global function definition for ‘pnorm’
    dSS: no visible global function definition for ‘integrate’
    dSSH : f: no visible global function definition for ‘dnorm’
    dSSH : f: no visible global function definition for ‘pnorm’
    dSSH: no visible global function definition for ‘integrate’
    dt.ls: no visible global function definition for ‘dt’
    dt.ls: no visible global function definition for ‘pt’
    dtH.ls: no visible global function definition for ‘dt’
    dtH.ls: no visible global function definition for ‘pt’
    smsn.nl.intern: no visible global function definition for ‘pt’
    smsn.nl.intern: no visible global function definition for ‘coef’
    smsn.nl.intern: no visible global function definition for ‘nls’
    smsn.nl.intern: no visible global function definition for ‘dnorm’
    smsn.nl.intern: no visible global function definition for ‘pnorm’
    smsn.nl.intern: no visible global function definition for ‘pgamma’
    smsn.nl.intern : faux: no visible global function definition for
     ‘pnorm’
    smsn.nl.intern: no visible global function definition for ‘integrate’
    smsn.nlh.intern: no visible global function definition for ‘pt’
    smsn.nlh.intern: no visible global function definition for ‘coef’
    smsn.nlh.intern: no visible global function definition for ‘nls’
    smsn.nlh.intern: no visible global function definition for ‘optimize’
    smsn.nlh.intern: no visible global function definition for ‘dnorm’
    smsn.nlh.intern: no visible global function definition for ‘pnorm’
    smsn.nlh.intern: no visible global function definition for ‘pgamma’
    smsn.nlh.intern : faux: no visible global function definition for
     ‘pnorm’
    smsn.nlh.intern: no visible global function definition for ‘integrate’
    Undefined global functions or variables:
     coef dnorm dt integrate nls optimize pgamma pnorm pt
    Consider adding
     importFrom("stats", "coef", "dnorm", "dt", "integrate", "nls",
     "optimize", "pgamma", "pnorm", "pt")
    to your NAMESPACE file.
Flavors: r-devel-linux-x86_64-fedora-clang, r-devel-linux-x86_64-fedora-gcc, r-devel-macos-x86_64-clang

Version: 0.0-4
Flags: --no-stop-on-test-error
Check: Rd line widths
Result: NOTE
    Rd file 'smsn.nl.Rd':
     \usage lines wider than 90 characters:
     nu = NULL, nlf = NULL, rho.func = 1, reg.type = "Homoscedastic", criteria = FALSE,
    
    These lines will be truncated in the PDF manual.
Flavors: r-devel-linux-x86_64-fedora-clang, r-devel-linux-x86_64-fedora-gcc