Last updated on 2017-02-24 23:52:40.
Flavor | Version | Tinstall | Tcheck | Ttotal | Status | Flags |
---|---|---|---|---|---|---|
r-devel-linux-x86_64-debian-clang | 1.0 | 1.64 | 12.97 | 14.61 | NOTE | |
r-devel-linux-x86_64-debian-gcc | 1.0 | 1.76 | 12.87 | 14.63 | NOTE | |
r-devel-linux-x86_64-fedora-clang | 1.0 | 27.19 | NOTE | --no-stop-on-test-error | ||
r-devel-linux-x86_64-fedora-gcc | 1.0 | 25.53 | NOTE | --no-stop-on-test-error | ||
r-devel-macos-x86_64-clang | 1.0 | 21.30 | NOTE | --no-stop-on-test-error | ||
r-devel-windows-ix86+x86_64 | 1.0 | 20.00 | 49.00 | 69.00 | OK | |
r-patched-linux-x86_64 | 1.0 | 1.44 | 11.64 | 13.08 | OK | |
r-patched-solaris-sparc | 1.0 | 14.70 | ERROR | |||
r-patched-solaris-x86 | 1.0 | 3.00 | ERROR | |||
r-release-linux-x86_64 | 1.0 | 1.52 | 11.21 | 12.73 | OK | |
r-release-osx-x86_64-mavericks | 1.0 | OK | ||||
r-release-windows-ix86+x86_64 | 1.0 | 15.00 | 62.00 | 77.00 | OK | |
r-oldrel-windows-ix86+x86_64 | 1.0 | 17.00 | 64.00 | 81.00 | OK |
Version: 1.0
Check: compiled code
Result: NOTE
File ‘nortestARMA/libs/nortestARMA.so’:
Found no calls to: ‘R_registerRoutines’, ‘R_useDynamicSymbols’
It is good practice to register native routines and to disable symbol
search.
See ‘Writing portable packages’ in the ‘Writing R Extensions’ manual.
Flavors: r-devel-linux-x86_64-debian-clang, r-devel-linux-x86_64-debian-gcc
Version: 1.0
Flags: --no-stop-on-test-error
Check: compiled code
Result: NOTE
File ‘nortestARMA/libs/nortestARMA.so’:
Found no calls to: ‘R_registerRoutines’, ‘R_useDynamicSymbols’
It is good practice to register native routines and to disable symbol
search.
See ‘Writing portable packages’ in the ‘Writing R Extensions’ manual.
Flavors: r-devel-linux-x86_64-fedora-clang, r-devel-linux-x86_64-fedora-gcc, r-devel-macos-x86_64-clang
Version: 1.0
Check: whether package can be installed
Result: ERROR
Installation failed.
Flavors: r-patched-solaris-sparc, r-patched-solaris-x86