Last updated on 2017-02-24 23:52:41.
Flavor | Version | Tinstall | Tcheck | Ttotal | Status | Flags |
---|---|---|---|---|---|---|
r-devel-linux-x86_64-debian-clang | 0.0.1 | 16.77 | 18.62 | 35.38 | NOTE | |
r-devel-linux-x86_64-debian-gcc | 0.0.1 | 18.47 | 18.28 | 36.75 | NOTE | |
r-devel-linux-x86_64-fedora-clang | 0.0.1 | 68.96 | NOTE | --no-stop-on-test-error | ||
r-devel-linux-x86_64-fedora-gcc | 0.0.1 | 65.09 | NOTE | --no-stop-on-test-error | ||
r-devel-macos-x86_64-clang | 0.0.1 | 50.57 | NOTE | --no-stop-on-test-error | ||
r-devel-windows-ix86+x86_64 | 0.0.1 | 81.00 | 78.00 | 159.00 | OK | |
r-patched-linux-x86_64 | 0.0.1 | 15.31 | 15.81 | 31.12 | OK | |
r-patched-solaris-sparc | 0.0.1 | 334.10 | OK | |||
r-patched-solaris-x86 | 0.0.1 | 69.00 | OK | |||
r-release-linux-x86_64 | 0.0.1 | 14.81 | 15.93 | 30.74 | OK | |
r-release-osx-x86_64-mavericks | 0.0.1 | OK | ||||
r-release-windows-ix86+x86_64 | 0.0.1 | 65.00 | 87.00 | 152.00 | OK | |
r-oldrel-windows-ix86+x86_64 | 0.0.1 | 60.00 | 85.00 | 145.00 | OK |
Version: 0.0.1
Check: compiled code
Result: NOTE
File ‘nprobust/libs/nprobust.so’:
Found no calls to: ‘R_registerRoutines’, ‘R_useDynamicSymbols’
It is good practice to register native routines and to disable symbol
search.
See ‘Writing portable packages’ in the ‘Writing R Extensions’ manual.
Flavors: r-devel-linux-x86_64-debian-clang, r-devel-linux-x86_64-debian-gcc
Version: 0.0.1
Flags: --no-stop-on-test-error
Check: compiled code
Result: NOTE
File ‘nprobust/libs/nprobust.so’:
Found no calls to: ‘R_registerRoutines’, ‘R_useDynamicSymbols’
It is good practice to register native routines and to disable symbol
search.
See ‘Writing portable packages’ in the ‘Writing R Extensions’ manual.
Flavors: r-devel-linux-x86_64-fedora-clang, r-devel-linux-x86_64-fedora-gcc, r-devel-macos-x86_64-clang