CRAN Package Check Results for Package obsSens

Last updated on 2017-02-24 23:52:41.

Flavor Version Tinstall Tcheck Ttotal Status Flags
r-devel-linux-x86_64-debian-clang 1.3 0.54 11.28 11.82 NOTE
r-devel-linux-x86_64-debian-gcc 1.3 0.62 14.32 14.95 NOTE
r-devel-linux-x86_64-fedora-clang 1.3 19.93 NOTE --no-stop-on-test-error
r-devel-linux-x86_64-fedora-gcc 1.3 17.55 NOTE --no-stop-on-test-error
r-devel-macos-x86_64-clang 1.3 18.00 NOTE --no-stop-on-test-error
r-devel-windows-ix86+x86_64 1.3 2.00 33.00 35.00 NOTE
r-patched-linux-x86_64 1.3 0.57 9.50 10.07 NOTE
r-patched-solaris-sparc 1.3 91.90 NOTE
r-patched-solaris-x86 1.3 23.80 NOTE
r-release-linux-x86_64 1.3 0.51 9.42 9.93 NOTE
r-release-osx-x86_64-mavericks 1.3 NOTE
r-release-windows-ix86+x86_64 1.3 2.00 24.00 26.00 NOTE
r-oldrel-windows-ix86+x86_64 1.3 2.00 21.00 23.00 NOTE

Check Details

Version: 1.3
Check: DESCRIPTION meta-information
Result: NOTE
    Malformed Title field: should not end in a period.
Flavors: r-devel-linux-x86_64-debian-clang, r-devel-linux-x86_64-debian-gcc, r-devel-windows-ix86+x86_64, r-patched-linux-x86_64, r-patched-solaris-sparc, r-patched-solaris-x86, r-release-linux-x86_64, r-release-osx-x86_64-mavericks, r-release-windows-ix86+x86_64, r-oldrel-windows-ix86+x86_64

Version: 1.3
Check: R code for possible problems
Result: NOTE
    obsSensCCC: no visible global function definition for ‘coef’
    obsSensCCC: no visible global function definition for ‘confint’
    obsSensCCN: no visible global function definition for ‘coef’
    obsSensCCN: no visible global function definition for ‘confint’
    obsSensCNN: no visible global function definition for ‘coef’
    obsSensCNN: no visible global function definition for ‘confint’
    obsSensCNN: no visible global function definition for ‘sd’
    obsSensCNN: no visible global function definition for ‘model.matrix’
    obsSensNNN: no visible global function definition for ‘coef’
    obsSensNNN: no visible global function definition for ‘confint’
    obsSensNNN: no visible global function definition for ‘sd’
    obsSensNNN: no visible global function definition for ‘model.matrix’
    Undefined global functions or variables:
     coef confint model.matrix sd
    Consider adding
     importFrom("stats", "coef", "confint", "model.matrix", "sd")
    to your NAMESPACE file.
Flavors: r-devel-linux-x86_64-debian-clang, r-devel-linux-x86_64-debian-gcc, r-devel-windows-ix86+x86_64, r-patched-linux-x86_64, r-patched-solaris-sparc, r-patched-solaris-x86, r-release-linux-x86_64, r-release-osx-x86_64-mavericks, r-release-windows-ix86+x86_64

Version: 1.3
Check: Rd line widths
Result: NOTE
    Rd file 'obsSensCCC.Rd':
     \usage lines wider than 90 characters:
     obsSensCCC(model, which = 2, g0 = c(2, 6, 10), g1, p0 = seq(0, 1, 0.2), p1 = p0, logOdds = FALSE, method = c("approx", "sim"))
     obsSensCCN(model, which = 2, gamma = round(seq(0, 2 * bstar, length = 6), 4), delta = seq(0, 3, 0.5), logOdds = FALSE, method = c("appr ... [TRUNCATED]
     obsSensCNN(model, which = 2, gamma = round(seq(0, 2 * bstar, length = 6), 4), rho = c(0, 0.5, 0.75, 0.85, 0.9, 0.95, 0.98, 0.99), sdx, ... [TRUNCATED]
     obsSensNCC(model, which = 2, g0 = c(2, 6, 10), g1, p0 = seq(0, 1, 0.2), p1 = p0, log = TRUE, method = c("approx", "sim"))
     obsSensNCN(model, which = 2, gamma = round(seq(0, 3, length = 6), 4), delta = seq(0, 3, 0.5), log = TRUE, method = c("approx", "sim"))
     6), 4), rho = c(0, 0.5, 0.75, 0.85, 0.9, 0.95, 0.98, 0.99), sdx, log = TRUE, method = c("approx", "sim"))
     obsSensSCC(model, which = 2, g0 = c(2, 6, 10), g1, p0 = seq(0, 1, 0.2), p1 = p0, logHaz = FALSE, method = c("approx", "sim"))
     obsSensSCN(model, which = 2, gamma = round(seq(0, 3, length = 6), 4), delta = seq(0, 3, 0.5), logHaz = FALSE, method = c("approx", "sim ... [TRUNCATED]
     obsSensSNN(model, which = 2, gamma = round(seq(0, 3, length = 6), 4), rho = c(0, 0.5, 0.75, 0.85, 0.9, 0.95, 0.98, 0.99), sdx, logHaz = ... [TRUNCATED]
    
    These lines will be truncated in the PDF manual.
Flavors: r-devel-linux-x86_64-debian-clang, r-devel-linux-x86_64-debian-gcc, r-patched-linux-x86_64, r-release-linux-x86_64

Version: 1.3
Flags: --no-stop-on-test-error
Check: DESCRIPTION meta-information
Result: NOTE
    Malformed Title field: should not end in a period.
Flavors: r-devel-linux-x86_64-fedora-clang, r-devel-linux-x86_64-fedora-gcc, r-devel-macos-x86_64-clang

Version: 1.3
Flags: --no-stop-on-test-error
Check: R code for possible problems
Result: NOTE
    obsSensCCC: no visible global function definition for ‘coef’
    obsSensCCC: no visible global function definition for ‘confint’
    obsSensCCN: no visible global function definition for ‘coef’
    obsSensCCN: no visible global function definition for ‘confint’
    obsSensCNN: no visible global function definition for ‘coef’
    obsSensCNN: no visible global function definition for ‘confint’
    obsSensCNN: no visible global function definition for ‘sd’
    obsSensCNN: no visible global function definition for ‘model.matrix’
    obsSensNNN: no visible global function definition for ‘coef’
    obsSensNNN: no visible global function definition for ‘confint’
    obsSensNNN: no visible global function definition for ‘sd’
    obsSensNNN: no visible global function definition for ‘model.matrix’
    Undefined global functions or variables:
     coef confint model.matrix sd
    Consider adding
     importFrom("stats", "coef", "confint", "model.matrix", "sd")
    to your NAMESPACE file.
Flavors: r-devel-linux-x86_64-fedora-clang, r-devel-linux-x86_64-fedora-gcc, r-devel-macos-x86_64-clang

Version: 1.3
Flags: --no-stop-on-test-error
Check: Rd line widths
Result: NOTE
    Rd file 'obsSensCCC.Rd':
     \usage lines wider than 90 characters:
     obsSensCCC(model, which = 2, g0 = c(2, 6, 10), g1, p0 = seq(0, 1, 0.2), p1 = p0, logOdds = FALSE, method = c("approx", "sim"))
     obsSensCCN(model, which = 2, gamma = round(seq(0, 2 * bstar, length = 6), 4), delta = seq(0, 3, 0.5), logOdds = FALSE, method = c("appr ... [TRUNCATED]
     obsSensCNN(model, which = 2, gamma = round(seq(0, 2 * bstar, length = 6), 4), rho = c(0, 0.5, 0.75, 0.85, 0.9, 0.95, 0.98, 0.99), sdx, ... [TRUNCATED]
     obsSensNCC(model, which = 2, g0 = c(2, 6, 10), g1, p0 = seq(0, 1, 0.2), p1 = p0, log = TRUE, method = c("approx", "sim"))
     obsSensNCN(model, which = 2, gamma = round(seq(0, 3, length = 6), 4), delta = seq(0, 3, 0.5), log = TRUE, method = c("approx", "sim"))
     6), 4), rho = c(0, 0.5, 0.75, 0.85, 0.9, 0.95, 0.98, 0.99), sdx, log = TRUE, method = c("approx", "sim"))
     obsSensSCC(model, which = 2, g0 = c(2, 6, 10), g1, p0 = seq(0, 1, 0.2), p1 = p0, logHaz = FALSE, method = c("approx", "sim"))
     obsSensSCN(model, which = 2, gamma = round(seq(0, 3, length = 6), 4), delta = seq(0, 3, 0.5), logHaz = FALSE, method = c("approx", "sim ... [TRUNCATED]
     obsSensSNN(model, which = 2, gamma = round(seq(0, 3, length = 6), 4), rho = c(0, 0.5, 0.75, 0.85, 0.9, 0.95, 0.98, 0.99), sdx, logHaz = ... [TRUNCATED]
    
    These lines will be truncated in the PDF manual.
Flavors: r-devel-linux-x86_64-fedora-clang, r-devel-linux-x86_64-fedora-gcc