Last updated on 2017-02-24 23:52:41.
Flavor | Version | Tinstall | Tcheck | Ttotal | Status | Flags |
---|---|---|---|---|---|---|
r-devel-linux-x86_64-debian-clang | 0.9-20 | 14.09 | 185.60 | 199.70 | NOTE | |
r-devel-linux-x86_64-debian-gcc | 0.9-20 | 14.31 | 180.60 | 194.91 | NOTE | |
r-devel-linux-x86_64-fedora-clang | 0.9-20 | 385.32 | NOTE | --no-stop-on-test-error | ||
r-devel-linux-x86_64-fedora-gcc | 0.9-20 | 351.68 | NOTE | --no-stop-on-test-error | ||
r-devel-macos-x86_64-clang | 0.9-20 | 296.20 | NOTE | --no-stop-on-test-error | ||
r-devel-windows-ix86+x86_64 | 0.9-20 | 137.00 | 452.00 | 589.00 | NOTE | |
r-patched-linux-x86_64 | 0.9-20 | 12.12 | 167.08 | 179.20 | OK | |
r-patched-solaris-sparc | 0.9-20 | 2074.60 | NOTE | |||
r-patched-solaris-x86 | 0.9-20 | 384.30 | NOTE | |||
r-release-linux-x86_64 | 0.9-20 | 12.31 | 168.54 | 180.85 | OK | |
r-release-osx-x86_64-mavericks | 0.9-20 | NOTE | ||||
r-release-windows-ix86+x86_64 | 0.9-20 | 84.00 | 440.00 | 524.00 | NOTE | |
r-oldrel-windows-ix86+x86_64 | 0.9-20 | 152.00 | 539.00 | 691.00 | NOTE |
Memtest notes: clang-ASAN gcc6-ASAN gcc7-ASAN valgrind
Version: 0.9-20
Check: compiled code
Result: NOTE
File ‘oce/libs/oce.so’:
Found no calls to: ‘R_registerRoutines’, ‘R_useDynamicSymbols’
It is good practice to register native routines and to disable symbol
search.
See ‘Writing portable packages’ in the ‘Writing R Extensions’ manual.
Flavors: r-devel-linux-x86_64-debian-clang, r-devel-linux-x86_64-debian-gcc
Version: 0.9-20
Flags: --no-stop-on-test-error
Check: installed package size
Result: NOTE
installed size is 5.3Mb
sub-directories of 1Mb or more:
help 2.1Mb
Flavors: r-devel-linux-x86_64-fedora-clang, r-devel-linux-x86_64-fedora-gcc
Version: 0.9-20
Flags: --no-stop-on-test-error
Check: compiled code
Result: NOTE
File ‘oce/libs/oce.so’:
Found no calls to: ‘R_registerRoutines’, ‘R_useDynamicSymbols’
It is good practice to register native routines and to disable symbol
search.
See ‘Writing portable packages’ in the ‘Writing R Extensions’ manual.
Flavors: r-devel-linux-x86_64-fedora-clang, r-devel-linux-x86_64-fedora-gcc, r-devel-macos-x86_64-clang
Version: 0.9-20
Check: installed package size
Result: NOTE
installed size is 6.4Mb
sub-directories of 1Mb or more:
help 2.1Mb
libs 1.6Mb
Flavors: r-devel-windows-ix86+x86_64, r-patched-solaris-sparc, r-patched-solaris-x86, r-release-osx-x86_64-mavericks, r-release-windows-ix86+x86_64, r-oldrel-windows-ix86+x86_64