Last updated on 2017-02-24 23:52:41.
Flavor | Version | Tinstall | Tcheck | Ttotal | Status | Flags |
---|---|---|---|---|---|---|
r-devel-linux-x86_64-debian-clang | 0.0.2 | 5.23 | 121.00 | 126.23 | OK | |
r-devel-linux-x86_64-debian-gcc | 0.0.2 | 5.06 | 122.03 | 127.09 | OK | |
r-devel-linux-x86_64-fedora-clang | 0.0.2 | 253.43 | NOTE | --no-stop-on-test-error | ||
r-devel-linux-x86_64-fedora-gcc | 0.0.2 | 238.87 | NOTE | --no-stop-on-test-error | ||
r-devel-macos-x86_64-clang | 0.0.2 | 198.84 | NOTE | --no-stop-on-test-error | ||
r-devel-windows-ix86+x86_64 | 0.0.2 | 34.00 | 298.00 | 332.00 | NOTE | |
r-patched-linux-x86_64 | 0.0.2 | 5.20 | 115.15 | 120.35 | OK | |
r-patched-solaris-sparc | 0.0.2 | 1642.10 | NOTE | |||
r-patched-solaris-x86 | 0.0.2 | 340.30 | NOTE | |||
r-release-linux-x86_64 | 0.0.2 | 4.84 | 112.88 | 117.72 | OK | |
r-release-osx-x86_64-mavericks | 0.0.2 | NOTE | ||||
r-release-windows-ix86+x86_64 | 0.0.2 | 21.00 | 222.00 | 243.00 | NOTE | |
r-oldrel-windows-ix86+x86_64 | 0.0.2 | 26.00 | 326.00 | 352.00 | NOTE |
Version: 0.0.2
Flags: --no-stop-on-test-error
Check: installed package size
Result: NOTE
installed size is 6.0Mb
sub-directories of 1Mb or more:
R 1.4Mb
test_files 4.2Mb
Flavors: r-devel-linux-x86_64-fedora-clang, r-devel-linux-x86_64-fedora-gcc, r-devel-macos-x86_64-clang
Version: 0.0.2
Check: installed package size
Result: NOTE
installed size is 6.0Mb
sub-directories of 1Mb or more:
R 1.4Mb
test_files 4.2Mb
Flavors: r-devel-windows-ix86+x86_64, r-patched-solaris-sparc, r-patched-solaris-x86, r-release-osx-x86_64-mavericks, r-release-windows-ix86+x86_64, r-oldrel-windows-ix86+x86_64