Last updated on 2017-02-24 23:52:41.
Flavor | Version | Tinstall | Tcheck | Ttotal | Status | Flags |
---|---|---|---|---|---|---|
r-devel-linux-x86_64-debian-clang | 4.0.0 | 59.19 | 62.21 | 121.40 | NOTE | |
r-devel-linux-x86_64-debian-gcc | 4.0.0 | 59.75 | 62.74 | 122.49 | NOTE | |
r-devel-linux-x86_64-fedora-clang | 4.0.0 | 225.27 | NOTE | --no-stop-on-test-error | ||
r-devel-linux-x86_64-fedora-gcc | 4.0.0 | 214.49 | NOTE | --no-stop-on-test-error | ||
r-devel-macos-x86_64-clang | 4.0.0 | 160.52 | NOTE | --no-stop-on-test-error | ||
r-devel-windows-ix86+x86_64 | 4.0.0 | 235.00 | 258.00 | 493.00 | OK | |
r-patched-linux-x86_64 | 4.0.0 | 57.04 | 55.97 | 113.02 | OK | |
r-patched-solaris-sparc | 4.0.0 | 1027.80 | OK | |||
r-patched-solaris-x86 | 4.0.0 | 212.30 | OK | |||
r-release-linux-x86_64 | 4.0.0 | 55.74 | 55.09 | 110.84 | OK | |
r-release-osx-x86_64-mavericks | 4.0.0 | OK | ||||
r-release-windows-ix86+x86_64 | 4.0.0 | 191.00 | 219.00 | 410.00 | OK | |
r-oldrel-windows-ix86+x86_64 | 3.0.0 | 69.00 | 153.00 | 222.00 | OK |
Version: 4.0.0
Check: compiled code
Result: NOTE
File ‘openxlsx/libs/openxlsx.so’:
Found no calls to: ‘R_registerRoutines’, ‘R_useDynamicSymbols’
It is good practice to register native routines and to disable symbol
search.
See ‘Writing portable packages’ in the ‘Writing R Extensions’ manual.
Flavors: r-devel-linux-x86_64-debian-clang, r-devel-linux-x86_64-debian-gcc
Version: 4.0.0
Flags: --no-stop-on-test-error
Check: installed package size
Result: NOTE
installed size is 5.2Mb
sub-directories of 1Mb or more:
libs 3.4Mb
Flavors: r-devel-linux-x86_64-fedora-clang, r-devel-linux-x86_64-fedora-gcc
Version: 4.0.0
Flags: --no-stop-on-test-error
Check: compiled code
Result: NOTE
File ‘openxlsx/libs/openxlsx.so’:
Found no calls to: ‘R_registerRoutines’, ‘R_useDynamicSymbols’
It is good practice to register native routines and to disable symbol
search.
See ‘Writing portable packages’ in the ‘Writing R Extensions’ manual.
Flavors: r-devel-linux-x86_64-fedora-clang, r-devel-linux-x86_64-fedora-gcc, r-devel-macos-x86_64-clang