CRAN Package Check Results for Package optimsimplex

Last updated on 2017-02-24 23:52:41.

Flavor Version Tinstall Tcheck Ttotal Status Flags
r-devel-linux-x86_64-debian-clang 1.0-5 2.59 36.35 38.94 NOTE
r-devel-linux-x86_64-debian-gcc 1.0-5 2.46 35.97 38.43 NOTE
r-devel-linux-x86_64-fedora-clang 1.0-5 95.40 NOTE --no-stop-on-test-error
r-devel-linux-x86_64-fedora-gcc 1.0-5 84.42 NOTE --no-stop-on-test-error
r-devel-macos-x86_64-clang 1.0-5 68.58 NOTE --no-stop-on-test-error
r-devel-windows-ix86+x86_64 1.0-5 15.00 107.00 122.00 NOTE
r-patched-linux-x86_64 1.0-5 2.40 32.63 35.03 NOTE
r-patched-solaris-sparc 1.0-5 428.80 NOTE
r-patched-solaris-x86 1.0-5 100.80 NOTE
r-release-linux-x86_64 1.0-5 2.30 32.49 34.78 NOTE
r-release-osx-x86_64-mavericks 1.0-5 NOTE
r-release-windows-ix86+x86_64 1.0-5 11.00 131.00 142.00 NOTE
r-oldrel-windows-ix86+x86_64 1.0-5 11.00 134.00 145.00 OK

Check Details

Version: 1.0-5
Check: R code for possible problems
Result: NOTE
    optimsimplex: no visible global function definition for ‘runif’
    optimsimplex.fvvariance: no visible global function definition for
     ‘var’
    Undefined global functions or variables:
     runif var
    Consider adding
     importFrom("stats", "runif", "var")
    to your NAMESPACE file.
Flavors: r-devel-linux-x86_64-debian-clang, r-devel-linux-x86_64-debian-gcc, r-devel-windows-ix86+x86_64, r-patched-linux-x86_64, r-patched-solaris-sparc, r-patched-solaris-x86, r-release-linux-x86_64, r-release-osx-x86_64-mavericks, r-release-windows-ix86+x86_64

Version: 1.0-5
Flags: --no-stop-on-test-error
Check: R code for possible problems
Result: NOTE
    optimsimplex: no visible global function definition for ‘runif’
    optimsimplex.fvvariance: no visible global function definition for
     ‘var’
    Undefined global functions or variables:
     runif var
    Consider adding
     importFrom("stats", "runif", "var")
    to your NAMESPACE file.
Flavors: r-devel-linux-x86_64-fedora-clang, r-devel-linux-x86_64-fedora-gcc, r-devel-macos-x86_64-clang