Last updated on 2017-02-24 23:52:41.
Flavor | Version | Tinstall | Tcheck | Ttotal | Status | Flags |
---|---|---|---|---|---|---|
r-devel-linux-x86_64-debian-clang | 1.1 | 0.84 | 15.23 | 16.07 | NOTE | |
r-devel-linux-x86_64-debian-gcc | 1.1 | 0.85 | 15.33 | 16.18 | NOTE | |
r-devel-linux-x86_64-fedora-clang | 1.1 | 23.77 | NOTE | --no-stop-on-test-error | ||
r-devel-linux-x86_64-fedora-gcc | 1.1 | 21.03 | NOTE | --no-stop-on-test-error | ||
r-devel-macos-x86_64-clang | 1.1 | 20.45 | NOTE | --no-stop-on-test-error | ||
r-devel-windows-ix86+x86_64 | 1.1 | 7.00 | 42.00 | 49.00 | NOTE | |
r-patched-linux-x86_64 | 1.1 | 0.71 | 10.99 | 11.70 | NOTE | |
r-patched-solaris-sparc | 1.1 | 122.10 | NOTE | |||
r-patched-solaris-x86 | 1.1 | 27.60 | NOTE | |||
r-release-linux-x86_64 | 1.1 | 0.58 | 10.85 | 11.43 | NOTE | |
r-release-osx-x86_64-mavericks | 1.1 | NOTE | ||||
r-release-windows-ix86+x86_64 | 1.1 | 5.00 | 60.00 | 65.00 | NOTE | |
r-oldrel-windows-ix86+x86_64 | 1.1 | 6.00 | 58.00 | 64.00 | NOTE |
Version: 1.1
Check: DESCRIPTION meta-information
Result: NOTE
Malformed Description field: should contain one or more complete sentences.
Flavors: r-devel-linux-x86_64-debian-clang, r-devel-linux-x86_64-debian-gcc, r-devel-windows-ix86+x86_64, r-patched-linux-x86_64, r-patched-solaris-sparc, r-patched-solaris-x86, r-release-linux-x86_64, r-release-osx-x86_64-mavericks, r-release-windows-ix86+x86_64, r-oldrel-windows-ix86+x86_64
Version: 1.1
Check: R code for possible problems
Result: NOTE
calc.stress: no visible global function definition for ‘sd’
opscale: no visible global function definition for ‘sd’
Undefined global functions or variables:
sd
Consider adding
importFrom("stats", "sd")
to your NAMESPACE file.
Flavors: r-devel-linux-x86_64-debian-clang, r-devel-linux-x86_64-debian-gcc, r-devel-windows-ix86+x86_64, r-patched-linux-x86_64, r-patched-solaris-sparc, r-patched-solaris-x86, r-release-linux-x86_64, r-release-osx-x86_64-mavericks, r-release-windows-ix86+x86_64
Version: 1.1
Flags: --no-stop-on-test-error
Check: DESCRIPTION meta-information
Result: NOTE
Malformed Description field: should contain one or more complete sentences.
Flavors: r-devel-linux-x86_64-fedora-clang, r-devel-linux-x86_64-fedora-gcc, r-devel-macos-x86_64-clang
Version: 1.1
Flags: --no-stop-on-test-error
Check: R code for possible problems
Result: NOTE
calc.stress: no visible global function definition for ‘sd’
opscale: no visible global function definition for ‘sd’
Undefined global functions or variables:
sd
Consider adding
importFrom("stats", "sd")
to your NAMESPACE file.
Flavors: r-devel-linux-x86_64-fedora-clang, r-devel-linux-x86_64-fedora-gcc, r-devel-macos-x86_64-clang