Last updated on 2017-02-24 23:52:41.
Flavor | Version | Tinstall | Tcheck | Ttotal | Status | Flags |
---|---|---|---|---|---|---|
r-devel-linux-x86_64-debian-clang | 1.3.2 | 0.72 | 19.32 | 20.04 | OK | |
r-devel-linux-x86_64-debian-gcc | 1.3.2 | 0.72 | 19.74 | 20.46 | OK | |
r-devel-linux-x86_64-fedora-clang | 1.3.2 | 38.36 | OK | --no-stop-on-test-error | ||
r-devel-linux-x86_64-fedora-gcc | 1.3.2 | 34.57 | OK | --no-stop-on-test-error | ||
r-devel-windows-ix86+x86_64 | 1.3.2 | 5.00 | 41.00 | 46.00 | OK | --no-vignettes |
r-patched-linux-x86_64 | 1.3.2 | 0.69 | 14.59 | 15.27 | OK | |
r-patched-solaris-sparc | 1.3.2 | 123.10 | OK | --no-vignettes | ||
r-patched-solaris-x86 | 1.3.2 | 29.40 | OK | --no-vignettes | ||
r-release-linux-x86_64 | 1.3.2 | 0.62 | 14.68 | 15.29 | OK | |
r-release-osx-x86_64-mavericks | 1.3.2 | WARN | ||||
r-release-windows-ix86+x86_64 | 1.3.2 | 4.00 | 60.00 | 64.00 | OK | --no-vignettes |
r-oldrel-windows-ix86+x86_64 | 1.3.2 | 8.00 | 64.00 | 72.00 | OK | --no-vignettes |
Version: 1.3.2
Check: re-building of vignette outputs
Result: WARN
Error in re-building vignettes:
...
sh: rst2pdf: command not found
Error: processing vignette 'optparse.Rrst' failed with diagnostics:
conversion by rst2pdf failed!
Execution halted
Flavor: r-release-osx-x86_64-mavericks