CRAN Package Check Results for Package pSI

Last updated on 2017-02-24 23:52:45.

Flavor Version Tinstall Tcheck Ttotal Status Flags
r-devel-linux-x86_64-debian-clang 1.1 1.36 19.98 21.34 NOTE
r-devel-linux-x86_64-debian-gcc 1.1 1.44 19.48 20.92 NOTE
r-devel-linux-x86_64-fedora-clang 1.1 37.89 NOTE --no-stop-on-test-error
r-devel-linux-x86_64-fedora-gcc 1.1 34.27 NOTE --no-stop-on-test-error
r-devel-macos-x86_64-clang 1.1 31.60 NOTE --no-stop-on-test-error
r-devel-windows-ix86+x86_64 1.1 8.00 52.00 60.00 NOTE
r-patched-linux-x86_64 1.1 1.39 19.29 20.67 NOTE
r-patched-solaris-sparc 1.1 211.10 NOTE
r-patched-solaris-x86 1.1 47.00 NOTE
r-release-linux-x86_64 1.1 1.22 19.95 21.17 NOTE
r-release-osx-x86_64-mavericks 1.1 NOTE
r-release-windows-ix86+x86_64 1.1 8.00 37.00 45.00 NOTE
r-oldrel-windows-ix86+x86_64 1.1 5.00 82.00 87.00 NOTE

Check Details

Version: 1.1
Check: DESCRIPTION meta-information
Result: NOTE
    Malformed Description field: should contain one or more complete sentences.
Flavors: r-devel-linux-x86_64-debian-clang, r-devel-linux-x86_64-debian-gcc, r-devel-windows-ix86+x86_64, r-patched-linux-x86_64, r-patched-solaris-sparc, r-patched-solaris-x86, r-release-linux-x86_64, r-release-osx-x86_64-mavericks, r-release-windows-ix86+x86_64, r-oldrel-windows-ix86+x86_64

Version: 1.1
Check: R code for possible problems
Result: NOTE
    candidate.overlap: no visible global function definition for
     ‘write.table’
    fisher: no visible global function definition for ‘fisher.test’
    fisher.iteration: no visible global function definition for
     ‘download.file’
    fisher.iteration: no visible global function definition for
     ‘read.table’
    pSI.list: no visible global function definition for ‘write.table’
    specificity.index: no visible global function definition for ‘png’
    specificity.index: no visible global function definition for ‘par’
    specificity.index: no visible global function definition for ‘dev.off’
    Undefined global functions or variables:
     dev.off download.file fisher.test par png read.table write.table
    Consider adding
     importFrom("grDevices", "dev.off", "png")
     importFrom("graphics", "par")
     importFrom("stats", "fisher.test")
     importFrom("utils", "download.file", "read.table", "write.table")
    to your NAMESPACE file.
Flavors: r-devel-linux-x86_64-debian-clang, r-devel-linux-x86_64-debian-gcc, r-devel-windows-ix86+x86_64, r-patched-linux-x86_64, r-patched-solaris-sparc, r-patched-solaris-x86, r-release-linux-x86_64, r-release-osx-x86_64-mavericks, r-release-windows-ix86+x86_64

Version: 1.1
Flags: --no-stop-on-test-error
Check: DESCRIPTION meta-information
Result: NOTE
    Malformed Description field: should contain one or more complete sentences.
Flavors: r-devel-linux-x86_64-fedora-clang, r-devel-linux-x86_64-fedora-gcc, r-devel-macos-x86_64-clang

Version: 1.1
Flags: --no-stop-on-test-error
Check: R code for possible problems
Result: NOTE
    candidate.overlap: no visible global function definition for
     ‘write.table’
    fisher: no visible global function definition for ‘fisher.test’
    fisher.iteration: no visible global function definition for
     ‘download.file’
    fisher.iteration: no visible global function definition for
     ‘read.table’
    pSI.list: no visible global function definition for ‘write.table’
    specificity.index: no visible global function definition for ‘png’
    specificity.index: no visible global function definition for ‘par’
    specificity.index: no visible global function definition for ‘dev.off’
    Undefined global functions or variables:
     dev.off download.file fisher.test par png read.table write.table
    Consider adding
     importFrom("grDevices", "dev.off", "png")
     importFrom("graphics", "par")
     importFrom("stats", "fisher.test")
     importFrom("utils", "download.file", "read.table", "write.table")
    to your NAMESPACE file.
Flavors: r-devel-linux-x86_64-fedora-clang, r-devel-linux-x86_64-fedora-gcc, r-devel-macos-x86_64-clang