CRAN Package Check Results for Package packcircles

Last updated on 2017-02-24 23:52:42.

Flavor Version Tinstall Tcheck Ttotal Status Flags
r-devel-linux-x86_64-debian-clang 0.1.1 12.53 20.57 33.10 NOTE
r-devel-linux-x86_64-debian-gcc 0.1.1 11.99 21.26 33.26 NOTE
r-devel-linux-x86_64-fedora-clang 0.1.1 67.20 NOTE --no-stop-on-test-error
r-devel-linux-x86_64-fedora-gcc 0.1.1 59.15 NOTE --no-stop-on-test-error
r-devel-macos-x86_64-clang 0.1.1 46.80 NOTE --no-stop-on-test-error
r-devel-windows-ix86+x86_64 0.1.1 76.00 74.00 150.00 OK
r-patched-linux-x86_64 0.1.1 9.90 15.63 25.53 OK
r-patched-solaris-sparc 0.1.1 282.10 OK
r-patched-solaris-x86 0.1.1 60.10 OK
r-release-linux-x86_64 0.1.1 9.74 16.39 26.13 OK
r-release-osx-x86_64-mavericks 0.1.1 OK
r-release-windows-ix86+x86_64 0.1.1 52.00 46.00 98.00 OK
r-oldrel-windows-ix86+x86_64 0.1.1 67.00 108.00 175.00 OK

Check Details

Version: 0.1.1
Check: compiled code
Result: NOTE
    File ‘packcircles/libs/packcircles.so’:
     Found no calls to: ‘R_registerRoutines’, ‘R_useDynamicSymbols’
    
    It is good practice to register native routines and to disable symbol
    search.
    
    See ‘Writing portable packages’ in the ‘Writing R Extensions’ manual.
Flavors: r-devel-linux-x86_64-debian-clang, r-devel-linux-x86_64-debian-gcc

Version: 0.1.1
Flags: --no-stop-on-test-error
Check: compiled code
Result: NOTE
    File ‘packcircles/libs/packcircles.so’:
     Found no calls to: ‘R_registerRoutines’, ‘R_useDynamicSymbols’
    
    It is good practice to register native routines and to disable symbol
    search.
    
    See ‘Writing portable packages’ in the ‘Writing R Extensions’ manual.
Flavors: r-devel-linux-x86_64-fedora-clang, r-devel-linux-x86_64-fedora-gcc, r-devel-macos-x86_64-clang