CRAN Package Check Results for Package parallelSVM

Last updated on 2017-02-24 23:52:42.

Flavor Version Tinstall Tcheck Ttotal Status Flags
r-devel-linux-x86_64-debian-clang 0.1-9 0.80 13.57 14.37 NOTE
r-devel-linux-x86_64-debian-gcc 0.1-9 0.75 13.35 14.11 NOTE
r-devel-linux-x86_64-fedora-clang 0.1-9 25.06 NOTE --no-stop-on-test-error
r-devel-linux-x86_64-fedora-gcc 0.1-9 22.21 NOTE --no-stop-on-test-error
r-devel-macos-x86_64-clang 0.1-9 21.37 NOTE --no-stop-on-test-error
r-devel-windows-ix86+x86_64 0.1-9 9.00 38.00 47.00 NOTE
r-patched-linux-x86_64 0.1-9 0.68 11.15 11.84 NOTE
r-patched-solaris-sparc 0.1-9 128.70 NOTE
r-patched-solaris-x86 0.1-9 29.00 NOTE
r-release-linux-x86_64 0.1-9 0.68 11.22 11.90 NOTE
r-release-osx-x86_64-mavericks 0.1-9 NOTE
r-release-windows-ix86+x86_64 0.1-9 5.00 46.00 51.00 NOTE
r-oldrel-windows-ix86+x86_64 0.1-9 8.00 66.00 74.00 OK

Check Details

Version: 0.1-9
Check: R code for possible problems
Result: NOTE
    parallelSVM.default: no visible binding for global variable ‘na.omit’
    parallelSVM.formula: no visible binding for global variable ‘na.omit’
    predict.parallelSVM: no visible binding for global variable ‘predict’
    Undefined global functions or variables:
     na.omit predict
    Consider adding
     importFrom("stats", "na.omit", "predict")
    to your NAMESPACE file.
Flavors: r-devel-linux-x86_64-debian-clang, r-devel-linux-x86_64-debian-gcc, r-devel-windows-ix86+x86_64, r-patched-linux-x86_64, r-patched-solaris-sparc, r-patched-solaris-x86, r-release-linux-x86_64, r-release-osx-x86_64-mavericks, r-release-windows-ix86+x86_64

Version: 0.1-9
Flags: --no-stop-on-test-error
Check: R code for possible problems
Result: NOTE
    parallelSVM.default: no visible binding for global variable ‘na.omit’
    parallelSVM.formula: no visible binding for global variable ‘na.omit’
    predict.parallelSVM: no visible binding for global variable ‘predict’
    Undefined global functions or variables:
     na.omit predict
    Consider adding
     importFrom("stats", "na.omit", "predict")
    to your NAMESPACE file.
Flavors: r-devel-linux-x86_64-fedora-clang, r-devel-linux-x86_64-fedora-gcc, r-devel-macos-x86_64-clang