Last updated on 2017-02-24 23:52:42.
Flavor | Version | Tinstall | Tcheck | Ttotal | Status | Flags |
---|---|---|---|---|---|---|
r-devel-linux-x86_64-debian-clang | 0.1.0 | 1.20 | 24.80 | 26.01 | OK | |
r-devel-linux-x86_64-debian-gcc | 0.1.0 | 1.18 | 24.78 | 25.96 | OK | |
r-devel-linux-x86_64-fedora-clang | 0.1.0 | 53.62 | NOTE | --no-stop-on-test-error | ||
r-devel-linux-x86_64-fedora-gcc | 0.1.0 | 49.18 | NOTE | --no-stop-on-test-error | ||
r-devel-macos-x86_64-clang | 0.1.0 | 40.55 | NOTE | --no-stop-on-test-error | ||
r-devel-windows-ix86+x86_64 | 0.1.0 | 10.00 | 65.00 | 75.00 | OK | |
r-patched-linux-x86_64 | 0.1.0 | 1.26 | 19.85 | 21.11 | OK | |
r-patched-solaris-sparc | 0.1.0 | 234.70 | NOTE | |||
r-patched-solaris-x86 | 0.1.0 | 52.70 | NOTE | |||
r-release-linux-x86_64 | 0.1.0 | 1.23 | 20.02 | 21.25 | OK | |
r-release-osx-x86_64-mavericks | 0.1.0 | NOTE | ||||
r-release-windows-ix86+x86_64 | 0.1.0 | 6.00 | 43.00 | 49.00 | OK | |
r-oldrel-windows-ix86+x86_64 | 0.1.0 | 7.00 | 95.00 | 102.00 | NOTE |
Version: 0.1.0
Flags: --no-stop-on-test-error
Check: dependencies in R code
Result: NOTE
Namespace in Imports field not imported from: ‘RSQLite’
All declared Imports should be used.
Flavors: r-devel-linux-x86_64-fedora-clang, r-devel-linux-x86_64-fedora-gcc, r-devel-macos-x86_64-clang
Version: 0.1.0
Check: dependencies in R code
Result: NOTE
Namespace in Imports field not imported from: ‘RSQLite’
All declared Imports should be used.
Flavors: r-patched-solaris-sparc, r-patched-solaris-x86, r-release-osx-x86_64-mavericks, r-oldrel-windows-ix86+x86_64