CRAN Package Check Results for Package pass

Last updated on 2017-02-24 23:52:42.

Flavor Version Tinstall Tcheck Ttotal Status Flags
r-devel-linux-x86_64-debian-clang 1.0 0.67 13.40 14.07 NOTE
r-devel-linux-x86_64-debian-gcc 1.0 0.66 13.24 13.90 NOTE
r-devel-linux-x86_64-fedora-clang 1.0 24.88 NOTE --no-stop-on-test-error
r-devel-linux-x86_64-fedora-gcc 1.0 22.65 NOTE --no-stop-on-test-error
r-devel-macos-x86_64-clang 1.0 21.37 NOTE --no-stop-on-test-error
r-devel-windows-ix86+x86_64 1.0 11.00 50.00 61.00 NOTE
r-patched-linux-x86_64 1.0 0.68 11.45 12.13 NOTE
r-patched-solaris-sparc 1.0 134.80 NOTE
r-patched-solaris-x86 1.0 28.60 NOTE
r-release-linux-x86_64 1.0 0.56 11.59 12.15 NOTE
r-release-osx-x86_64-mavericks 1.0 NOTE
r-release-windows-ix86+x86_64 1.0 5.00 37.00 42.00 NOTE
r-oldrel-windows-ix86+x86_64 1.0 9.00 43.00 52.00 NOTE

Check Details

Version: 1.0
Check: DESCRIPTION meta-information
Result: NOTE
    Malformed Description field: should contain one or more complete sentences.
Flavors: r-devel-linux-x86_64-debian-clang, r-devel-linux-x86_64-debian-gcc, r-devel-windows-ix86+x86_64, r-patched-linux-x86_64, r-patched-solaris-sparc, r-patched-solaris-x86, r-release-linux-x86_64, r-release-osx-x86_64-mavericks, r-release-windows-ix86+x86_64, r-oldrel-windows-ix86+x86_64

Version: 1.0
Check: S3 generic/method consistency
Result: NOTE
    Found the following apparent S3 methods exported but not registered:
     plot.pass print.pass
    See section ‘Registering S3 methods’ in the ‘Writing R Extensions’
    manual.
Flavors: r-devel-linux-x86_64-debian-clang, r-devel-linux-x86_64-debian-gcc, r-patched-linux-x86_64, r-patched-solaris-sparc, r-patched-solaris-x86, r-release-linux-x86_64

Version: 1.0
Check: R code for possible problems
Result: NOTE
    pass: no visible global function definition for ‘predict’
    plot.pass: no visible global function definition for ‘par’
    plot.pass: no visible global function definition for ‘plot’
    Undefined global functions or variables:
     par plot predict
    Consider adding
     importFrom("graphics", "par", "plot")
     importFrom("stats", "predict")
    to your NAMESPACE file.
Flavors: r-devel-linux-x86_64-debian-clang, r-devel-linux-x86_64-debian-gcc, r-devel-windows-ix86+x86_64, r-patched-linux-x86_64, r-patched-solaris-sparc, r-patched-solaris-x86, r-release-linux-x86_64, r-release-osx-x86_64-mavericks, r-release-windows-ix86+x86_64

Version: 1.0
Flags: --no-stop-on-test-error
Check: DESCRIPTION meta-information
Result: NOTE
    Malformed Description field: should contain one or more complete sentences.
Flavors: r-devel-linux-x86_64-fedora-clang, r-devel-linux-x86_64-fedora-gcc, r-devel-macos-x86_64-clang

Version: 1.0
Flags: --no-stop-on-test-error
Check: S3 generic/method consistency
Result: NOTE
    Found the following apparent S3 methods exported but not registered:
     plot.pass print.pass
    See section ‘Registering S3 methods’ in the ‘Writing R Extensions’
    manual.
Flavors: r-devel-linux-x86_64-fedora-clang, r-devel-linux-x86_64-fedora-gcc, r-devel-macos-x86_64-clang

Version: 1.0
Flags: --no-stop-on-test-error
Check: R code for possible problems
Result: NOTE
    pass: no visible global function definition for ‘predict’
    plot.pass: no visible global function definition for ‘par’
    plot.pass: no visible global function definition for ‘plot’
    Undefined global functions or variables:
     par plot predict
    Consider adding
     importFrom("graphics", "par", "plot")
     importFrom("stats", "predict")
    to your NAMESPACE file.
Flavors: r-devel-linux-x86_64-fedora-clang, r-devel-linux-x86_64-fedora-gcc, r-devel-macos-x86_64-clang