Last updated on 2017-02-24 23:52:43.
Flavor | Version | Tinstall | Tcheck | Ttotal | Status | Flags |
---|---|---|---|---|---|---|
r-devel-linux-x86_64-debian-clang | 1.0.0 | 14.89 | 20.65 | 35.55 | NOTE | |
r-devel-linux-x86_64-debian-gcc | 1.0.0 | 15.90 | 20.29 | 36.19 | NOTE | |
r-devel-linux-x86_64-fedora-clang | 1.0.0 | 75.71 | NOTE | --no-stop-on-test-error | ||
r-devel-linux-x86_64-fedora-gcc | 1.0.0 | 68.43 | NOTE | --no-stop-on-test-error | ||
r-devel-macos-x86_64-clang | 1.0.0 | 50.90 | NOTE | --no-stop-on-test-error | ||
r-devel-windows-ix86+x86_64 | 1.0.0 | 66.00 | 83.00 | 149.00 | OK | |
r-patched-linux-x86_64 | 1.0.0 | 13.51 | 17.63 | 31.14 | OK | |
r-patched-solaris-sparc | 1.0.0 | 334.90 | OK | |||
r-patched-solaris-x86 | 1.0.0 | 70.60 | OK | |||
r-release-linux-x86_64 | 1.0.0 | 13.04 | 17.85 | 30.89 | OK | |
r-release-osx-x86_64-mavericks | 1.0.0 | OK | ||||
r-release-windows-ix86+x86_64 | 1.0.0 | 59.00 | 54.00 | 113.00 | OK | |
r-oldrel-windows-ix86+x86_64 | 1.0.0 | 56.00 | 83.00 | 139.00 | OK |
Version: 1.0.0
Check: compiled code
Result: NOTE
File ‘pirate/libs/pirate.so’:
Found no calls to: ‘R_registerRoutines’, ‘R_useDynamicSymbols’
It is good practice to register native routines and to disable symbol
search.
See ‘Writing portable packages’ in the ‘Writing R Extensions’ manual.
Flavors: r-devel-linux-x86_64-debian-clang, r-devel-linux-x86_64-debian-gcc
Version: 1.0.0
Flags: --no-stop-on-test-error
Check: compiled code
Result: NOTE
File ‘pirate/libs/pirate.so’:
Found no calls to: ‘R_registerRoutines’, ‘R_useDynamicSymbols’
It is good practice to register native routines and to disable symbol
search.
See ‘Writing portable packages’ in the ‘Writing R Extensions’ manual.
Flavors: r-devel-linux-x86_64-fedora-clang, r-devel-linux-x86_64-fedora-gcc, r-devel-macos-x86_64-clang