Last updated on 2017-02-24 23:52:44.
Flavor | Version | Tinstall | Tcheck | Ttotal | Status | Flags |
---|---|---|---|---|---|---|
r-devel-linux-x86_64-debian-clang | 1.8.4 | 9.00 | 40.19 | 49.19 | NOTE | |
r-devel-linux-x86_64-debian-gcc | 1.8.4 | 8.32 | 39.98 | 48.31 | NOTE | |
r-devel-linux-x86_64-fedora-clang | 1.8.4 | 95.66 | NOTE | --no-stop-on-test-error | ||
r-devel-linux-x86_64-fedora-gcc | 1.8.4 | 84.87 | NOTE | --no-stop-on-test-error | ||
r-devel-macos-x86_64-clang | 1.8.4 | 71.81 | NOTE | --no-stop-on-test-error | ||
r-devel-windows-ix86+x86_64 | 1.8.4 | 60.00 | 162.00 | 222.00 | OK | |
r-patched-linux-x86_64 | 1.8.4 | 7.24 | 37.89 | 45.13 | OK | |
r-patched-solaris-sparc | 1.8.4 | 510.10 | OK | |||
r-patched-solaris-x86 | 1.8.4 | 96.30 | OK | |||
r-release-linux-x86_64 | 1.8.4 | 7.16 | 36.23 | 43.39 | OK | |
r-release-osx-x86_64-mavericks | 1.8.4 | NOTE | ||||
r-release-windows-ix86+x86_64 | 1.8.4 | 44.00 | 131.00 | 175.00 | OK | |
r-oldrel-windows-ix86+x86_64 | 1.8.4 | 55.00 | 141.00 | 196.00 | OK |
Version: 1.8.4
Check: compiled code
Result: NOTE
File ‘plyr/libs/plyr.so’:
Found no calls to: ‘R_registerRoutines’, ‘R_useDynamicSymbols’
It is good practice to register native routines and to disable symbol
search.
See ‘Writing portable packages’ in the ‘Writing R Extensions’ manual.
Flavors: r-devel-linux-x86_64-debian-clang, r-devel-linux-x86_64-debian-gcc
Version: 1.8.4
Flags: --no-stop-on-test-error
Check: compiled code
Result: NOTE
File ‘plyr/libs/plyr.so’:
Found no calls to: ‘R_registerRoutines’, ‘R_useDynamicSymbols’
It is good practice to register native routines and to disable symbol
search.
See ‘Writing portable packages’ in the ‘Writing R Extensions’ manual.
Flavors: r-devel-linux-x86_64-fedora-clang, r-devel-linux-x86_64-fedora-gcc, r-devel-macos-x86_64-clang
Version: 1.8.4
Check: dependencies in R code
Result: NOTE
Invalid MIT-MAGIC-COOKIE-1 key
Flavor: r-release-osx-x86_64-mavericks