CRAN Package Check Results for Package pnmtrem

Last updated on 2017-02-24 23:52:44.

Flavor Version Tinstall Tcheck Ttotal Status Flags
r-devel-linux-x86_64-debian-clang 1.3 0.66 18.30 18.96 NOTE
r-devel-linux-x86_64-debian-gcc 1.3 0.65 18.41 19.06 NOTE
r-devel-linux-x86_64-fedora-clang 1.3 34.04 NOTE --no-stop-on-test-error
r-devel-linux-x86_64-fedora-gcc 1.3 30.41 NOTE --no-stop-on-test-error
r-devel-macos-x86_64-clang 1.3 27.68 NOTE --no-stop-on-test-error
r-devel-windows-ix86+x86_64 1.3 8.00 53.00 61.00 NOTE
r-patched-linux-x86_64 1.3 0.60 16.67 17.26 NOTE
r-patched-solaris-sparc 1.3 191.70 NOTE
r-patched-solaris-x86 1.3 36.80 NOTE
r-release-linux-x86_64 1.3 0.58 17.00 17.58 NOTE
r-release-osx-x86_64-mavericks 1.3 NOTE
r-release-windows-ix86+x86_64 1.3 6.00 46.00 52.00 NOTE
r-oldrel-windows-ix86+x86_64 1.3 8.00 48.00 56.00 NOTE

Check Details

Version: 1.3
Check: DESCRIPTION meta-information
Result: NOTE
    Malformed Description field: should contain one or more complete sentences.
Flavors: r-devel-linux-x86_64-debian-clang, r-devel-linux-x86_64-debian-gcc, r-devel-windows-ix86+x86_64, r-patched-linux-x86_64, r-patched-solaris-sparc, r-patched-solaris-x86, r-release-linux-x86_64, r-release-osx-x86_64-mavericks, r-release-windows-ix86+x86_64, r-oldrel-windows-ix86+x86_64

Version: 1.3
Check: dependencies in R code
Result: NOTE
    'library' or 'require' call to ‘MASS’ which was already attached by Depends.
     Please remove these calls from your code.
    Package in Depends field not imported from: ‘MASS’
     These packages need to be imported from (in the NAMESPACE file)
     for when this namespace is loaded but not attached.
Flavors: r-devel-linux-x86_64-debian-clang, r-devel-linux-x86_64-debian-gcc, r-devel-windows-ix86+x86_64, r-patched-linux-x86_64, r-patched-solaris-sparc, r-patched-solaris-x86, r-release-linux-x86_64, r-release-osx-x86_64-mavericks, r-release-windows-ix86+x86_64, r-oldrel-windows-ix86+x86_64

Version: 1.3
Check: R code for possible problems
Result: NOTE
    pnmtrem1: no visible global function definition for ‘pnorm’
    pnmtrem1: no visible global function definition for ‘dnorm’
    pnmtrem1: no visible global function definition for ‘ginv’
    pnmtrem1 : fun: no visible global function definition for ‘pnorm’
    pnmtrem1 : derf: no visible global function definition for ‘dnorm’
    pnmtrem1 : derf: no visible global function definition for ‘pnorm’
    pnmtrem1 : fun: no visible global function definition for ‘dnorm’
    Undefined global functions or variables:
     dnorm ginv pnorm
    Consider adding
     importFrom("stats", "dnorm", "pnorm")
    to your NAMESPACE file.
Flavors: r-devel-linux-x86_64-debian-clang, r-devel-linux-x86_64-debian-gcc, r-devel-windows-ix86+x86_64, r-patched-linux-x86_64, r-patched-solaris-sparc, r-patched-solaris-x86, r-release-linux-x86_64, r-release-osx-x86_64-mavericks, r-release-windows-ix86+x86_64

Version: 1.3
Flags: --no-stop-on-test-error
Check: DESCRIPTION meta-information
Result: NOTE
    Malformed Description field: should contain one or more complete sentences.
Flavors: r-devel-linux-x86_64-fedora-clang, r-devel-linux-x86_64-fedora-gcc, r-devel-macos-x86_64-clang

Version: 1.3
Flags: --no-stop-on-test-error
Check: dependencies in R code
Result: NOTE
    'library' or 'require' call to ‘MASS’ which was already attached by Depends.
     Please remove these calls from your code.
    Package in Depends field not imported from: ‘MASS’
     These packages need to be imported from (in the NAMESPACE file)
     for when this namespace is loaded but not attached.
Flavors: r-devel-linux-x86_64-fedora-clang, r-devel-linux-x86_64-fedora-gcc, r-devel-macos-x86_64-clang

Version: 1.3
Flags: --no-stop-on-test-error
Check: R code for possible problems
Result: NOTE
    pnmtrem1: no visible global function definition for ‘pnorm’
    pnmtrem1: no visible global function definition for ‘dnorm’
    pnmtrem1: no visible global function definition for ‘ginv’
    pnmtrem1 : fun: no visible global function definition for ‘pnorm’
    pnmtrem1 : derf: no visible global function definition for ‘dnorm’
    pnmtrem1 : derf: no visible global function definition for ‘pnorm’
    pnmtrem1 : fun: no visible global function definition for ‘dnorm’
    Undefined global functions or variables:
     dnorm ginv pnorm
    Consider adding
     importFrom("stats", "dnorm", "pnorm")
    to your NAMESPACE file.
Flavors: r-devel-linux-x86_64-fedora-clang, r-devel-linux-x86_64-fedora-gcc, r-devel-macos-x86_64-clang

Version: 1.3
Check: R code for possible problems
Result: NOTE
    pnmtrem1: no visible global function definition for 'ginv'
Flavor: r-oldrel-windows-ix86+x86_64