Last updated on 2017-02-24 23:52:44.
Flavor | Version | Tinstall | Tcheck | Ttotal | Status | Flags |
---|---|---|---|---|---|---|
r-devel-linux-x86_64-debian-clang | 0.4 | 1.12 | 20.81 | 21.94 | NOTE | |
r-devel-linux-x86_64-debian-gcc | 0.4 | 1.06 | 19.53 | 20.59 | NOTE | |
r-devel-linux-x86_64-fedora-clang | 0.4 | 60.80 | NOTE | --no-stop-on-test-error | ||
r-devel-linux-x86_64-fedora-gcc | 0.4 | 52.91 | NOTE | --no-stop-on-test-error | ||
r-devel-macos-x86_64-clang | 0.4 | 24.78 | NOTE | --no-stop-on-test-error | ||
r-devel-windows-ix86+x86_64 | 0.4 | 6.00 | 75.00 | 81.00 | NOTE | |
r-patched-linux-x86_64 | 0.4 | 0.88 | 17.76 | 18.64 | NOTE | |
r-patched-solaris-sparc | 0.4 | 233.90 | NOTE | |||
r-patched-solaris-x86 | 0.4 | 43.40 | NOTE | |||
r-release-linux-x86_64 | 0.4 | 0.96 | 17.79 | 18.76 | NOTE | |
r-release-osx-x86_64-mavericks | 0.4 | NOTE | ||||
r-release-windows-ix86+x86_64 | 0.4 | 4.00 | 63.00 | 67.00 | NOTE | |
r-oldrel-windows-ix86+x86_64 | 0.4 | 5.00 | 59.00 | 64.00 | OK |
Version: 0.4
Check: R code for possible problems
Result: NOTE
bipoilogMLE: no visible global function definition for ‘optim’
bipoilogMLE: no visible global function definition for ‘write.table’
poilogMLE: no visible global function definition for ‘optim’
rbipoilog : sim: no visible global function definition for ‘rnorm’
rbipoilog : sim: no visible global function definition for ‘rpois’
rpoilog : sim: no visible global function definition for ‘rnorm’
rpoilog : sim: no visible global function definition for ‘rpois’
Undefined global functions or variables:
optim rnorm rpois write.table
Consider adding
importFrom("stats", "optim", "rnorm", "rpois")
importFrom("utils", "write.table")
to your NAMESPACE file.
Flavors: r-devel-linux-x86_64-debian-clang, r-devel-linux-x86_64-debian-gcc, r-devel-windows-ix86+x86_64, r-patched-linux-x86_64, r-patched-solaris-sparc, r-patched-solaris-x86, r-release-linux-x86_64, r-release-osx-x86_64-mavericks, r-release-windows-ix86+x86_64
Version: 0.4
Check: compiled code
Result: NOTE
File ‘poilog/libs/poilog.so’:
Found no calls to: ‘R_registerRoutines’, ‘R_useDynamicSymbols’
It is good practice to register native routines and to disable symbol
search.
See ‘Writing portable packages’ in the ‘Writing R Extensions’ manual.
Flavors: r-devel-linux-x86_64-debian-clang, r-devel-linux-x86_64-debian-gcc
Version: 0.4
Flags: --no-stop-on-test-error
Check: R code for possible problems
Result: NOTE
bipoilogMLE: no visible global function definition for ‘optim’
bipoilogMLE: no visible global function definition for ‘write.table’
poilogMLE: no visible global function definition for ‘optim’
rbipoilog : sim: no visible global function definition for ‘rnorm’
rbipoilog : sim: no visible global function definition for ‘rpois’
rpoilog : sim: no visible global function definition for ‘rnorm’
rpoilog : sim: no visible global function definition for ‘rpois’
Undefined global functions or variables:
optim rnorm rpois write.table
Consider adding
importFrom("stats", "optim", "rnorm", "rpois")
importFrom("utils", "write.table")
to your NAMESPACE file.
Flavors: r-devel-linux-x86_64-fedora-clang, r-devel-linux-x86_64-fedora-gcc, r-devel-macos-x86_64-clang
Version: 0.4
Flags: --no-stop-on-test-error
Check: compiled code
Result: NOTE
File ‘poilog/libs/poilog.so’:
Found no calls to: ‘R_registerRoutines’, ‘R_useDynamicSymbols’
It is good practice to register native routines and to disable symbol
search.
See ‘Writing portable packages’ in the ‘Writing R Extensions’ manual.
Flavors: r-devel-linux-x86_64-fedora-clang, r-devel-linux-x86_64-fedora-gcc, r-devel-macos-x86_64-clang