Last updated on 2017-02-24 23:52:44.
Flavor | Version | Tinstall | Tcheck | Ttotal | Status | Flags |
---|---|---|---|---|---|---|
r-devel-linux-x86_64-debian-clang | 0.0-3 | 2.32 | 32.26 | 34.58 | OK | |
r-devel-linux-x86_64-debian-gcc | 0.0-3 | 2.23 | 32.56 | 34.78 | OK | |
r-devel-linux-x86_64-fedora-clang | 0.0-3 | 72.11 | NOTE | --no-stop-on-test-error | ||
r-devel-linux-x86_64-fedora-gcc | 0.0-3 | 63.26 | NOTE | --no-stop-on-test-error | ||
r-devel-macos-x86_64-clang | 0.0-3 | 53.37 | NOTE | --no-stop-on-test-error | ||
r-devel-windows-ix86+x86_64 | 0.0-3 | 13.00 | 85.00 | 98.00 | OK | |
r-patched-linux-x86_64 | 0.0-3 | 2.02 | 28.42 | 30.44 | OK | |
r-patched-solaris-sparc | 0.0-3 | 363.60 | NOTE | |||
r-patched-solaris-x86 | 0.0-3 | 75.10 | NOTE | |||
r-release-linux-x86_64 | 0.0-3 | 2.46 | 28.86 | 31.32 | OK | |
r-release-osx-x86_64-mavericks | 0.0-3 | NOTE | ||||
r-release-windows-ix86+x86_64 | 0.0-3 | 12.00 | 92.00 | 104.00 | OK | |
r-oldrel-windows-ix86+x86_64 | 0.0-3 | 11.00 | 95.00 | 106.00 | NOTE |
Version: 0.0-3
Flags: --no-stop-on-test-error
Check: data for non-ASCII characters
Result: NOTE
Note: found 8 marked UTF-8 strings
Flavors: r-devel-linux-x86_64-fedora-clang, r-devel-linux-x86_64-fedora-gcc, r-devel-macos-x86_64-clang
Version: 0.0-3
Check: data for non-ASCII characters
Result: NOTE
Note: found 8 marked UTF-8 strings
Flavors: r-patched-solaris-sparc, r-patched-solaris-x86, r-release-osx-x86_64-mavericks, r-oldrel-windows-ix86+x86_64