CRAN Package Check Results for Package population

Last updated on 2017-02-24 23:52:44.

Flavor Version Tinstall Tcheck Ttotal Status Flags
r-devel-linux-x86_64-debian-clang 0.1 1.30 13.96 15.25 NOTE
r-devel-linux-x86_64-debian-gcc 0.1 1.26 13.78 15.04 NOTE
r-devel-linux-x86_64-fedora-clang 0.1 28.41 NOTE --no-stop-on-test-error
r-devel-linux-x86_64-fedora-gcc 0.1 23.71 NOTE --no-stop-on-test-error
r-devel-macos-x86_64-clang 0.1 24.43 NOTE --no-stop-on-test-error
r-devel-windows-ix86+x86_64 0.1 13.00 48.00 61.00 OK
r-patched-linux-x86_64 0.1 1.08 11.31 12.39 OK
r-patched-solaris-sparc 0.1 148.90 OK
r-patched-solaris-x86 0.1 32.10 OK
r-release-linux-x86_64 0.1 1.20 11.49 12.69 OK
r-release-osx-x86_64-mavericks 0.1 OK
r-release-windows-ix86+x86_64 0.1 9.00 34.00 43.00 OK
r-oldrel-windows-ix86+x86_64 0.1 10.00 32.00 42.00 OK

Check Details

Version: 0.1
Check: compiled code
Result: NOTE
    File ‘population/libs/population.so’:
     Found no calls to: ‘R_registerRoutines’, ‘R_useDynamicSymbols’
    
    It is good practice to register native routines and to disable symbol
    search.
    
    See ‘Writing portable packages’ in the ‘Writing R Extensions’ manual.
Flavors: r-devel-linux-x86_64-debian-clang, r-devel-linux-x86_64-debian-gcc

Version: 0.1
Flags: --no-stop-on-test-error
Check: compiled code
Result: NOTE
    File ‘population/libs/population.so’:
     Found no calls to: ‘R_registerRoutines’, ‘R_useDynamicSymbols’
    
    It is good practice to register native routines and to disable symbol
    search.
    
    See ‘Writing portable packages’ in the ‘Writing R Extensions’ manual.
Flavors: r-devel-linux-x86_64-fedora-clang, r-devel-linux-x86_64-fedora-gcc, r-devel-macos-x86_64-clang