Last updated on 2017-02-24 23:52:45.
Flavor | Version | Tinstall | Tcheck | Ttotal | Status | Flags |
---|---|---|---|---|---|---|
r-devel-linux-x86_64-debian-clang | 0.6.2 | 48.73 | 226.02 | 274.75 | NOTE | |
r-devel-linux-x86_64-debian-gcc | 0.6.2 | 52.30 | 217.53 | 269.82 | NOTE | |
r-devel-linux-x86_64-fedora-clang | 0.6.2 | 570.83 | NOTE | --no-stop-on-test-error | ||
r-devel-linux-x86_64-fedora-gcc | 0.6.2 | 512.61 | NOTE | --no-stop-on-test-error | ||
r-devel-macos-x86_64-clang | 0.6.2 | 377.15 | NOTE | --no-stop-on-test-error | ||
r-devel-windows-ix86+x86_64 | 0.6.2 | 206.00 | 641.00 | 847.00 | OK | |
r-patched-linux-x86_64 | 0.6.2 | 44.43 | 214.42 | 258.85 | OK | |
r-patched-solaris-sparc | 0.6.2 | 2549.40 | OK | |||
r-patched-solaris-x86 | 0.6.2 | 531.40 | OK | |||
r-release-linux-x86_64 | 0.6.2 | 43.77 | 216.80 | 260.57 | OK | |
r-release-osx-x86_64-mavericks | 0.6.2 | OK | ||||
r-release-windows-ix86+x86_64 | 0.6.2 | 191.00 | 575.00 | 766.00 | OK | |
r-oldrel-windows-ix86+x86_64 | 0.6.2 | 183.00 | 757.00 | 940.00 | OK |
Version: 0.6.2
Check: compiled code
Result: NOTE
File ‘precrec/libs/precrec.so’:
Found no calls to: ‘R_registerRoutines’, ‘R_useDynamicSymbols’
It is good practice to register native routines and to disable symbol
search.
See ‘Writing portable packages’ in the ‘Writing R Extensions’ manual.
Flavors: r-devel-linux-x86_64-debian-clang, r-devel-linux-x86_64-debian-gcc
Version: 0.6.2
Flags: --no-stop-on-test-error
Check: compiled code
Result: NOTE
File ‘precrec/libs/precrec.so’:
Found no calls to: ‘R_registerRoutines’, ‘R_useDynamicSymbols’
It is good practice to register native routines and to disable symbol
search.
See ‘Writing portable packages’ in the ‘Writing R Extensions’ manual.
Flavors: r-devel-linux-x86_64-fedora-clang, r-devel-linux-x86_64-fedora-gcc, r-devel-macos-x86_64-clang
Version: 0.6.2
Flags: --no-stop-on-test-error
Check: installed package size
Result: NOTE
installed size is 5.8Mb
sub-directories of 1Mb or more:
libs 4.5Mb
Flavor: r-devel-linux-x86_64-fedora-gcc