Last updated on 2017-02-24 23:52:45.
Flavor | Version | Tinstall | Tcheck | Ttotal | Status | Flags |
---|---|---|---|---|---|---|
r-devel-linux-x86_64-debian-clang | 0.1.5 | 0.71 | 14.59 | 15.31 | OK | |
r-devel-linux-x86_64-debian-gcc | 0.1.5 | 0.62 | 14.63 | 15.25 | OK | |
r-devel-linux-x86_64-fedora-clang | 0.1.5 | 27.26 | OK | --no-stop-on-test-error | ||
r-devel-linux-x86_64-fedora-gcc | 0.1.5 | 22.17 | OK | --no-stop-on-test-error | ||
r-devel-macos-x86_64-clang | 0.1.5 | 20.62 | OK | --no-stop-on-test-error | ||
r-devel-windows-ix86+x86_64 | 0.1.5 | 6.00 | 45.00 | 51.00 | OK | |
r-patched-linux-x86_64 | 0.1.5 | 0.61 | 12.09 | 12.71 | OK | |
r-patched-solaris-sparc | 0.1.5 | 114.40 | OK | |||
r-patched-solaris-x86 | 0.1.5 | 27.80 | OK | |||
r-release-linux-x86_64 | 0.1.5 | 0.58 | 12.08 | 12.66 | OK | |
r-release-osx-x86_64-mavericks | 0.1.5 | NOTE | ||||
r-release-windows-ix86+x86_64 | 0.1.5 | 3.00 | 27.00 | 30.00 | OK | |
r-oldrel-windows-ix86+x86_64 | 0.1.5 | 7.00 | 59.00 | 66.00 | OK |
Version: 0.1.5
Check: package dependencies
Result: NOTE
Package suggested but not available for checking: ‘rosm’
Flavor: r-release-osx-x86_64-mavericks