Last updated on 2017-02-24 23:52:45.
Flavor | Version | Tinstall | Tcheck | Ttotal | Status | Flags |
---|---|---|---|---|---|---|
r-devel-linux-x86_64-debian-clang | 3.3 | 4.53 | 53.58 | 58.12 | OK | |
r-devel-linux-x86_64-debian-gcc | 3.3 | 4.87 | 53.72 | 58.59 | OK | |
r-devel-linux-x86_64-fedora-clang | 3.3 | 125.20 | OK | --no-stop-on-test-error | ||
r-devel-linux-x86_64-fedora-gcc | 3.3 | 112.31 | OK | --no-stop-on-test-error | ||
r-devel-macos-x86_64-clang | 3.3 | 86.07 | OK | --no-stop-on-test-error | ||
r-devel-windows-ix86+x86_64 | 3.3 | 35.00 | 136.00 | 171.00 | OK | |
r-patched-linux-x86_64 | 3.3 | 4.76 | 51.52 | 56.29 | OK | |
r-patched-solaris-sparc | 3.3 | 691.30 | NOTE | |||
r-patched-solaris-x86 | 3.3 | 147.20 | NOTE | |||
r-release-linux-x86_64 | 3.3 | 5.27 | 51.66 | 56.92 | OK | |
r-release-osx-x86_64-mavericks | 3.3 | NOTE | ||||
r-release-windows-ix86+x86_64 | 3.3 | 22.00 | 100.00 | 122.00 | OK | |
r-oldrel-windows-ix86+x86_64 | 3.3 | 20.00 | 158.00 | 178.00 | OK |
Version: 3.3
Check: package dependencies
Result: NOTE
Package suggested but not available for checking: ‘geoR’
Flavors: r-patched-solaris-sparc, r-patched-solaris-x86
Version: 3.3
Check: Rd cross-references
Result: NOTE
Package unavailable to check Rd xrefs: ‘geoR’
Flavors: r-patched-solaris-sparc, r-patched-solaris-x86
Version: 3.3
Check: dependencies in R code
Result: NOTE
Invalid MIT-MAGIC-COOKIE-1 key
Flavor: r-release-osx-x86_64-mavericks