Last updated on 2017-02-24 23:52:46.
Flavor | Version | Tinstall | Tcheck | Ttotal | Status | Flags |
---|---|---|---|---|---|---|
r-devel-linux-x86_64-debian-clang | 0.0-6 | 4.28 | 105.87 | 110.14 | OK | |
r-devel-linux-x86_64-debian-gcc | 0.0-6 | 4.31 | 103.76 | 108.06 | OK | |
r-devel-linux-x86_64-fedora-clang | 0.0-6 | 233.39 | NOTE | --no-stop-on-test-error | ||
r-devel-linux-x86_64-fedora-gcc | 0.0-6 | 214.37 | NOTE | --no-stop-on-test-error | ||
r-devel-macos-x86_64-clang | 0.0-6 | 164.90 | NOTE | --no-stop-on-test-error | ||
r-devel-windows-ix86+x86_64 | 0.0-6 | 25.00 | 273.00 | 298.00 | OK | |
r-patched-linux-x86_64 | 0.0-6 | 4.23 | 95.41 | 99.64 | OK | |
r-patched-solaris-sparc | 0.0-6 | 1099.40 | NOTE | |||
r-patched-solaris-x86 | 0.0-6 | 246.50 | NOTE | |||
r-release-linux-x86_64 | 0.0-6 | 4.38 | 96.02 | 100.40 | OK | |
r-release-osx-x86_64-mavericks | 0.0-6 | WARN | ||||
r-release-windows-ix86+x86_64 | 0.0-6 | 25.00 | 254.00 | 279.00 | OK | |
r-oldrel-windows-ix86+x86_64 | 0.0-6 | 24.00 | 251.00 | 275.00 | NOTE |
Version: 0.0-6
Flags: --no-stop-on-test-error
Check: dependencies in R code
Result: NOTE
Namespace in Imports field not imported from: ‘xts’
All declared Imports should be used.
Flavors: r-devel-linux-x86_64-fedora-clang, r-devel-linux-x86_64-fedora-gcc, r-devel-macos-x86_64-clang
Version: 0.0-6
Check: dependencies in R code
Result: NOTE
Namespace in Imports field not imported from: ‘xts’
All declared Imports should be used.
Flavors: r-patched-solaris-sparc, r-patched-solaris-x86, r-oldrel-windows-ix86+x86_64
Version: 0.0-6
Check: whether package can be installed
Result: WARN
Found the following significant warnings:
Warning: 'rgl_init' failed, running with rgl.useNULL = TRUE
Flavor: r-release-osx-x86_64-mavericks
Version: 0.0-6
Check: dependencies in R code
Result: NOTE
Invalid MIT-MAGIC-COOKIE-1 keyNamespace in Imports field not imported from: ‘xts’
All declared Imports should be used.
Flavor: r-release-osx-x86_64-mavericks
Version: 0.0-6
Check: S3 generic/method consistency
Result: WARN
Invalid MIT-MAGIC-COOKIE-1 key
See section ‘Generic functions and methods’ in the ‘Writing R
Extensions’ manual.
Flavor: r-release-osx-x86_64-mavericks
Version: 0.0-6
Check: replacement functions
Result: WARN
Invalid MIT-MAGIC-COOKIE-1 key
The argument of a replacement function which corresponds to the right
hand side must be named ‘value’.
Flavor: r-release-osx-x86_64-mavericks
Version: 0.0-6
Check: foreign function calls
Result: NOTE
Invalid MIT-MAGIC-COOKIE-1 key
See chapter ‘System and foreign language interfaces’ in the ‘Writing R
Extensions’ manual.
Flavor: r-release-osx-x86_64-mavericks
Version: 0.0-6
Check: R code for possible problems
Result: NOTE
Invalid MIT-MAGIC-COOKIE-1 key
Flavor: r-release-osx-x86_64-mavericks
Version: 0.0-6
Check: for missing documentation entries
Result: WARN
Invalid MIT-MAGIC-COOKIE-1 key
All user-level objects in a package should have documentation entries.
See chapter ‘Writing R documentation files’ in the ‘Writing R
Extensions’ manual.
Flavor: r-release-osx-x86_64-mavericks
Version: 0.0-6
Check: for code/documentation mismatches
Result: WARN
Invalid MIT-MAGIC-COOKIE-1 key
Invalid MIT-MAGIC-COOKIE-1 key
Invalid MIT-MAGIC-COOKIE-1 key
Flavor: r-release-osx-x86_64-mavericks
Version: 0.0-6
Check: Rd \usage sections
Result: NOTE
Invalid MIT-MAGIC-COOKIE-1 key
The \usage entries for S3 methods should use the \method markup and not
their full name.
See chapter ‘Writing R documentation files’ in the ‘Writing R
Extensions’ manual.
Flavor: r-release-osx-x86_64-mavericks