Last updated on 2017-02-24 23:52:46.
Flavor | Version | Tinstall | Tcheck | Ttotal | Status | Flags |
---|---|---|---|---|---|---|
r-devel-linux-x86_64-debian-clang | 1.0.0 | 1.14 | 34.22 | 35.36 | NOTE | |
r-devel-linux-x86_64-debian-gcc | 1.0.0 | 1.15 | 34.35 | 35.50 | NOTE | |
r-devel-linux-x86_64-fedora-clang | 1.0.0 | 82.18 | NOTE | --no-stop-on-test-error | ||
r-devel-linux-x86_64-fedora-gcc | 1.0.0 | 69.06 | NOTE | --no-stop-on-test-error | ||
r-devel-macos-x86_64-clang | 1.0.0 | 53.82 | NOTE | --no-stop-on-test-error | ||
r-devel-windows-ix86+x86_64 | 1.0.0 | 6.00 | 67.00 | 73.00 | NOTE | |
r-patched-linux-x86_64 | 1.0.0 | 1.30 | 27.47 | 28.77 | OK | |
r-patched-solaris-sparc | 1.0.0 | 330.20 | OK | |||
r-patched-solaris-x86 | 1.0.0 | 71.10 | OK | |||
r-release-linux-x86_64 | 1.0.0 | 1.11 | 26.53 | 27.64 | OK | |
r-release-osx-x86_64-mavericks | 1.0.0 | OK | ||||
r-release-windows-ix86+x86_64 | 1.0.0 | 5.00 | 53.00 | 58.00 | OK | |
r-oldrel-windows-ix86+x86_64 | 1.0.0 | 7.00 | 76.00 | 83.00 | OK |
Version: 1.0.0
Check: DESCRIPTION meta-information
Result: NOTE
BugReports field is not a suitable URL but contains an email address
which will be used as from R 3.4.0
Flavors: r-devel-linux-x86_64-debian-clang, r-devel-linux-x86_64-debian-gcc, r-devel-windows-ix86+x86_64
Version: 1.0.0
Flags: --no-stop-on-test-error
Check: DESCRIPTION meta-information
Result: NOTE
BugReports field is not a suitable URL but contains an email address
which will be used as from R 3.4.0
Flavors: r-devel-linux-x86_64-fedora-clang, r-devel-linux-x86_64-fedora-gcc, r-devel-macos-x86_64-clang