Last updated on 2017-02-24 23:52:46.
Flavor | Version | Tinstall | Tcheck | Ttotal | Status | Flags |
---|---|---|---|---|---|---|
r-devel-linux-x86_64-debian-clang | 2.1.3 | 3.31 | 48.58 | 51.88 | OK | |
r-devel-linux-x86_64-debian-gcc | 2.1.3 | 3.59 | 47.31 | 50.90 | OK | |
r-devel-linux-x86_64-fedora-clang | 2.1.3 | 101.30 | NOTE | --no-stop-on-test-error | ||
r-devel-linux-x86_64-fedora-gcc | 2.1.3 | 87.63 | NOTE | --no-stop-on-test-error | ||
r-devel-macos-x86_64-clang | 2.1.3 | 82.74 | NOTE | --no-stop-on-test-error | ||
r-devel-windows-ix86+x86_64 | 2.1.3 | 40.00 | 175.00 | 215.00 | NOTE | |
r-patched-linux-x86_64 | 2.1.3 | 3.27 | 44.54 | 47.81 | OK | |
r-patched-solaris-sparc | 2.1.3 | 519.50 | NOTE | |||
r-patched-solaris-x86 | 2.1.3 | 104.40 | NOTE | |||
r-release-linux-x86_64 | 2.1.3 | 3.30 | 43.99 | 47.29 | OK | |
r-release-osx-x86_64-mavericks | 2.1.3 | NOTE | ||||
r-release-windows-ix86+x86_64 | 2.1.3 | 23.00 | 208.00 | 231.00 | NOTE | |
r-oldrel-windows-ix86+x86_64 | 2.1.3 | 24.00 | 189.00 | 213.00 | NOTE |
Version: 2.1.3
Flags: --no-stop-on-test-error
Check: installed package size
Result: NOTE
installed size is 7.8Mb
sub-directories of 1Mb or more:
htmlwidgets 6.4Mb
Flavors: r-devel-linux-x86_64-fedora-clang, r-devel-linux-x86_64-fedora-gcc, r-devel-macos-x86_64-clang
Version: 2.1.3
Check: installed package size
Result: NOTE
installed size is 7.2Mb
sub-directories of 1Mb or more:
htmlwidgets 6.0Mb
Flavors: r-devel-windows-ix86+x86_64, r-patched-solaris-sparc, r-patched-solaris-x86, r-release-osx-x86_64-mavericks, r-release-windows-ix86+x86_64, r-oldrel-windows-ix86+x86_64