CRAN Package Check Results for Package rDVR

Last updated on 2017-02-24 23:52:48.

Flavor Version Tinstall Tcheck Ttotal Status Flags
r-devel-linux-x86_64-debian-clang 0.1.1 1.21 16.28 17.49 NOTE
r-devel-linux-x86_64-debian-gcc 0.1.1 1.16 15.92 17.07 NOTE
r-devel-linux-x86_64-fedora-clang 0.1.1 32.47 NOTE --no-stop-on-test-error
r-devel-linux-x86_64-fedora-gcc 0.1.1 28.94 NOTE --no-stop-on-test-error
r-devel-macos-x86_64-clang 0.1.1 26.78 NOTE --no-stop-on-test-error
r-devel-windows-ix86+x86_64 0.1.1 8.00 51.00 59.00 NOTE
r-patched-linux-x86_64 0.1.1 0.94 13.96 14.90 NOTE
r-patched-solaris-sparc 0.1.1 144.50 WARN
r-patched-solaris-x86 0.1.1 37.60 WARN
r-release-linux-x86_64 0.1.1 0.88 13.79 14.67 NOTE
r-release-osx-x86_64-mavericks 0.1.1 NOTE
r-release-windows-ix86+x86_64 0.1.1 6.00 43.00 49.00 NOTE
r-oldrel-windows-ix86+x86_64 0.1.1 8.00 65.00 73.00 NOTE

Check Details

Version: 0.1.1
Check: DESCRIPTION meta-information
Result: NOTE
    Malformed Title field: should not end in a period.
Flavors: r-devel-linux-x86_64-debian-clang, r-devel-linux-x86_64-debian-gcc, r-devel-windows-ix86+x86_64, r-patched-linux-x86_64, r-patched-solaris-sparc, r-patched-solaris-x86, r-release-linux-x86_64, r-release-osx-x86_64-mavericks, r-release-windows-ix86+x86_64, r-oldrel-windows-ix86+x86_64

Version: 0.1.1
Check: S3 generic/method consistency
Result: NOTE
    Found the following apparent S3 methods exported but not registered:
     .DollarNames.rDVR
    See section ‘Registering S3 methods’ in the ‘Writing R Extensions’
    manual.
Flavors: r-devel-linux-x86_64-debian-clang, r-devel-linux-x86_64-debian-gcc, r-patched-linux-x86_64, r-patched-solaris-sparc, r-patched-solaris-x86, r-release-linux-x86_64

Version: 0.1.1
Check: R code for possible problems
Result: NOTE
    checkForVServer: no visible global function definition for
     ‘download.file’
    Undefined global functions or variables:
     download.file
    Consider adding
     importFrom("utils", "download.file")
    to your NAMESPACE file.
Flavors: r-devel-linux-x86_64-debian-clang, r-devel-linux-x86_64-debian-gcc, r-devel-windows-ix86+x86_64, r-patched-linux-x86_64, r-patched-solaris-sparc, r-patched-solaris-x86, r-release-linux-x86_64, r-release-osx-x86_64-mavericks, r-release-windows-ix86+x86_64

Version: 0.1.1
Flags: --no-stop-on-test-error
Check: DESCRIPTION meta-information
Result: NOTE
    Malformed Title field: should not end in a period.
Flavors: r-devel-linux-x86_64-fedora-clang, r-devel-linux-x86_64-fedora-gcc, r-devel-macos-x86_64-clang

Version: 0.1.1
Flags: --no-stop-on-test-error
Check: S3 generic/method consistency
Result: NOTE
    Found the following apparent S3 methods exported but not registered:
     .DollarNames.rDVR
    See section ‘Registering S3 methods’ in the ‘Writing R Extensions’
    manual.
Flavors: r-devel-linux-x86_64-fedora-clang, r-devel-linux-x86_64-fedora-gcc, r-devel-macos-x86_64-clang

Version: 0.1.1
Flags: --no-stop-on-test-error
Check: R code for possible problems
Result: NOTE
    checkForVServer: no visible global function definition for
     ‘download.file’
    Undefined global functions or variables:
     download.file
    Consider adding
     importFrom("utils", "download.file")
    to your NAMESPACE file.
Flavors: r-devel-linux-x86_64-fedora-clang, r-devel-linux-x86_64-fedora-gcc, r-devel-macos-x86_64-clang

Version: 0.1.1
Check: package dependencies
Result: NOTE
    Package suggested but not available for checking: ‘RSelenium’
Flavors: r-patched-solaris-sparc, r-patched-solaris-x86, r-oldrel-windows-ix86+x86_64

Version: 0.1.1
Check: re-building of vignette outputs
Result: WARN
    Error in re-building vignettes:
     ...
    Quitting from lines 16-19 (rDVR-basics.Rmd)
    Error: processing vignette 'rDVR-basics.Rmd' failed with diagnostics:
    there is no package called 'RSelenium'
    Execution halted
Flavors: r-patched-solaris-sparc, r-patched-solaris-x86

Version: 0.1.1
Check: re-building of vignette outputs
Result: NOTE
    Error in re-building vignettes:
     ...
    Quitting from lines 16-19 (rDVR-basics.Rmd)
    Error: processing vignette 'rDVR-basics.Rmd' failed with diagnostics:
    there is no package called 'RSelenium'
    Execution halted
Flavor: r-oldrel-windows-ix86+x86_64